{"id":1137,"date":"2018-04-24T17:32:34","date_gmt":"2018-04-24T17:32:34","guid":{"rendered":"http:\/\/localhost\/observatorio\/?page_id=1137"},"modified":"2018-04-26T16:20:22","modified_gmt":"2018-04-26T16:20:22","slug":"publicaciones-internacionales-2","status":"publish","type":"page","link":"https:\/\/www.seguridad.gob.sv\/cna\/?page_id=1137","title":{"rendered":"Publicaciones Internacionales"},"content":{"rendered":"<div id=\"pl-1137\"  class=\"panel-layout\" ><div id=\"pg-1137-0\"  class=\"panel-grid panel-no-style\" ><div id=\"pgc-1137-0-0\"  class=\"panel-grid-cell panel-grid-cell-empty\" ><\/div><\/div><div id=\"pg-1137-1\"  class=\"panel-grid panel-no-style\" ><div id=\"pgc-1137-1-0\"  class=\"panel-grid-cell panel-grid-cell-empty\" ><\/div><div id=\"pgc-1137-1-1\"  class=\"panel-grid-cell panel-grid-cell-mobile-last\" ><div id=\"panel-1137-1-1-0\" class=\"so-panel widget widget_alxtabs widget_hu_tabs panel-first-child panel-last-child\" data-index=\"0\" >\n<h3 class=\"widget-title\"><\/h3>\r\n\t<div class=\"alx-tabs-container\">\r\n\r\n\r\n\t\t\r\n\t\t\t\r\n\t\t\t<ul id=\"tab-recent-1\" class=\"alx-tab group thumbs-enabled\">\r\n        \t\t\t\t\t\t\t\t<li>\r\n\r\n\t\t\t\t\t\t\t\t\t\t<div class=\"tab-item-thumbnail\">\r\n\t\t\t\t\t\t<a href=\"https:\/\/www.seguridad.gob.sv\/cna\/?p=5178\">\r\n\t\t\t\t\t\t\t<img width=\"80\" height=\"80\" src=\"https:\/\/www.seguridad.gob.sv\/cna\/wp-content\/uploads\/2023\/10\/Portada-SAT-80x80.jpg\" class=\"attachment-thumb-small size-thumb-small wp-post-image\" alt=\"\" decoding=\"async\" loading=\"lazy\" \/>\t\t\t\t\t\t\t\t\t\t\t\t\t\t\t\t\t\t\t\t\t\t\t\t\t\t\t<\/a>\r\n\t\t\t\t\t<\/div>\r\n\t\t\t\t\t\r\n\t\t\t\t\t<div class=\"tab-item-inner group\">\r\n\t\t\t\t\t\t\t\t\t\t\t\t<p class=\"tab-item-title\"><a href=\"https:\/\/www.seguridad.gob.sv\/cna\/?p=5178\" rel=\"bookmark\">Informativo sobre el SATA en las Am\u00e9ricas<\/a><\/p>\r\n\t\t\t\t\t\t\t\t\t\t\t<\/div>\r\n\r\n\t\t\t\t<\/li>\r\n\t\t\t\t\t\t\t\t<li>\r\n\r\n\t\t\t\t\t\t\t\t\t\t<div class=\"tab-item-thumbnail\">\r\n\t\t\t\t\t\t<a href=\"https:\/\/www.seguridad.gob.sv\/cna\/?p=3239\">\r\n\t\t\t\t\t\t\t<img width=\"80\" height=\"80\" src=\"https:\/\/www.seguridad.gob.sv\/cna\/wp-content\/uploads\/2021\/06\/Sin-titulo-2-80x80.png\" class=\"attachment-thumb-small size-thumb-small wp-post-image\" alt=\"\" decoding=\"async\" loading=\"lazy\" \/>\t\t\t\t\t\t\t\t\t\t\t\t\t\t\t\t\t\t\t\t\t\t\t\t\t\t\t<\/a>\r\n\t\t\t\t\t<\/div>\r\n\t\t\t\t\t\r\n\t\t\t\t\t<div class=\"tab-item-inner group\">\r\n\t\t\t\t\t\t\t\t\t\t\t\t<p class=\"tab-item-title\"><a href=\"https:\/\/www.seguridad.gob.sv\/cna\/?p=3239\" rel=\"bookmark\">Amenazas actuales de la NSP<\/a><\/p>\r\n\t\t\t\t\t\t\t\t\t\t\t<\/div>\r\n\r\n\t\t\t\t<\/li>\r\n\t\t\t\t\t\t\t\t<li>\r\n\r\n\t\t\t\t\t\t\t\t\t\t<div class=\"tab-item-thumbnail\">\r\n\t\t\t\t\t\t<a href=\"https:\/\/www.seguridad.gob.sv\/cna\/?p=1227\">\r\n\t\t\t\t\t\t\t<img width=\"80\" height=\"80\" src=\"https:\/\/www.seguridad.gob.sv\/cna\/wp-content\/uploads\/2018\/04\/plan-de-accion-hemisferico-sobre-drogas-201-2020-160x160.jpg\" class=\"attachment-thumb-small size-thumb-small wp-post-image\" alt=\"\" decoding=\"async\" loading=\"lazy\" \/>\t\t\t\t\t\t\t\t\t\t\t\t\t\t\t\t\t\t\t\t\t\t\t\t\t\t\t<\/a>\r\n\t\t\t\t\t<\/div>\r\n\t\t\t\t\t\r\n\t\t\t\t\t<div class=\"tab-item-inner group\">\r\n\t\t\t\t\t\t\t\t\t\t\t\t<p class=\"tab-item-title\"><a href=\"https:\/\/www.seguridad.gob.sv\/cna\/?p=1227\" rel=\"bookmark\">Estrategia Hemisferica sobre Drogas 2016-2020<\/a><\/p>\r\n\t\t\t\t\t\t\t\t\t\t\t<\/div>\r\n\r\n\t\t\t\t<\/li>\r\n\t\t\t\t\t\t\t\t<li>\r\n\r\n\t\t\t\t\t\t\t\t\t\t<div class=\"tab-item-thumbnail\">\r\n\t\t\t\t\t\t<a href=\"https:\/\/www.seguridad.gob.sv\/cna\/?p=1810\">\r\n\t\t\t\t\t\t\t<img width=\"61\" height=\"80\" src=\"https:\/\/www.seguridad.gob.sv\/cna\/wp-content\/uploads\/2019\/03\/Informe-sobre-el-consumo-de-drogas-en-las-Am\u00e9ricas-2019.png\" class=\"attachment-thumb-small size-thumb-small wp-post-image\" alt=\"\" decoding=\"async\" loading=\"lazy\" \/>\t\t\t\t\t\t\t\t\t\t\t\t\t\t\t\t\t\t\t\t\t\t\t\t\t\t\t<\/a>\r\n\t\t\t\t\t<\/div>\r\n\t\t\t\t\t\r\n\t\t\t\t\t<div class=\"tab-item-inner group\">\r\n\t\t\t\t\t\t\t\t\t\t\t\t<p class=\"tab-item-title\"><a href=\"https:\/\/www.seguridad.gob.sv\/cna\/?p=1810\" rel=\"bookmark\">Informe sobre el consumo de drogas en las Am\u00e9ricas 2019<\/a><\/p>\r\n\t\t\t\t\t\t\t\t\t\t\t<\/div>\r\n\r\n\t\t\t\t<\/li>\r\n\t\t\t\t\t\t\t\t<li>\r\n\r\n\t\t\t\t\t\t\t\t\t\t<div class=\"tab-item-thumbnail\">\r\n\t\t\t\t\t\t<a href=\"https:\/\/www.seguridad.gob.sv\/cna\/?p=2141\">\r\n\t\t\t\t\t\t\t<img width=\"80\" height=\"80\" src=\"https:\/\/www.seguridad.gob.sv\/cna\/wp-content\/uploads\/2020\/02\/Global-SMART-160x160.jpg\" class=\"attachment-thumb-small size-thumb-small wp-post-image\" alt=\"\" decoding=\"async\" loading=\"lazy\" \/>\t\t\t\t\t\t\t\t\t\t\t\t\t\t\t\t\t\t\t\t\t\t\t\t\t\t\t<\/a>\r\n\t\t\t\t\t<\/div>\r\n\t\t\t\t\t\r\n\t\t\t\t\t<div class=\"tab-item-inner group\">\r\n\t\t\t\t\t\t\t\t\t\t\t\t<p class=\"tab-item-title\"><a href=\"https:\/\/www.seguridad.gob.sv\/cna\/?p=2141\" rel=\"bookmark\">El mercado de estimulantes de tipo anfetam\u00ednico,  un decenio despu\u00e9s del Plan de Acci\u00f3n de 2009<\/a><\/p>\r\n\t\t\t\t\t\t\t\t\t\t\t<\/div>\r\n\r\n\t\t\t\t<\/li>\r\n\t\t\t\t\t\t\t\t<li>\r\n\r\n\t\t\t\t\t\t\t\t\t\t<div class=\"tab-item-thumbnail\">\r\n\t\t\t\t\t\t<a href=\"https:\/\/www.seguridad.gob.sv\/cna\/?p=1667\">\r\n\t\t\t\t\t\t\t<img width=\"57\" height=\"80\" src=\"https:\/\/www.seguridad.gob.sv\/cna\/wp-content\/uploads\/2018\/05\/estudio-de-situacion-de-los-osd-nacionales-de-drogas-en-america-latina.jpg\" class=\"attachment-thumb-small size-thumb-small wp-post-image\" alt=\"\" decoding=\"async\" loading=\"lazy\" \/>\t\t\t\t\t\t\t\t\t\t\t\t\t\t\t\t\t\t\t\t\t\t\t\t\t\t\t<\/a>\r\n\t\t\t\t\t<\/div>\r\n\t\t\t\t\t\r\n\t\t\t\t\t<div class=\"tab-item-inner group\">\r\n\t\t\t\t\t\t\t\t\t\t\t\t<p class=\"tab-item-title\"><a href=\"https:\/\/www.seguridad.gob.sv\/cna\/?p=1667\" rel=\"bookmark\">Estudio de situaci\u00f3n de los observatorios nacionales de drogas de America Latina<\/a><\/p>\r\n\t\t\t\t\t\t\t\t\t\t\t<\/div>\r\n\r\n\t\t\t\t<\/li>\r\n\t\t\t\t\t\t\t\t<li>\r\n\r\n\t\t\t\t\t\t\t\t\t\t<div class=\"tab-item-thumbnail\">\r\n\t\t\t\t\t\t<a href=\"https:\/\/www.seguridad.gob.sv\/cna\/?p=1237\">\r\n\t\t\t\t\t\t\t<img width=\"80\" height=\"80\" src=\"https:\/\/www.seguridad.gob.sv\/cna\/wp-content\/uploads\/2018\/04\/Manual-de-creacion-de-un-observatorio-160x160.jpg\" class=\"attachment-thumb-small size-thumb-small wp-post-image\" alt=\"\" decoding=\"async\" loading=\"lazy\" \/>\t\t\t\t\t\t\t\t\t\t\t\t\t\t\t\t\t\t\t\t\t\t\t\t\t\t\t<\/a>\r\n\t\t\t\t\t<\/div>\r\n\t\t\t\t\t\r\n\t\t\t\t\t<div class=\"tab-item-inner group\">\r\n\t\t\t\t\t\t\t\t\t\t\t\t<p class=\"tab-item-title\"><a href=\"https:\/\/www.seguridad.gob.sv\/cna\/?p=1237\" rel=\"bookmark\">Manual de Creaci\u00f3n de un Observatorio Nacional de Drogas<\/a><\/p>\r\n\t\t\t\t\t\t\t\t\t\t\t<\/div>\r\n\r\n\t\t\t\t<\/li>\r\n\t\t\t\t\t\t\t\t<li>\r\n\r\n\t\t\t\t\t\t\t\t\t\t<div class=\"tab-item-thumbnail\">\r\n\t\t\t\t\t\t<a href=\"https:\/\/www.seguridad.gob.sv\/cna\/?p=1233\">\r\n\t\t\t\t\t\t\t<img width=\"80\" height=\"80\" src=\"https:\/\/www.seguridad.gob.sv\/cna\/wp-content\/uploads\/2018\/04\/PeriodoExtraordinariodeSesionesDocFinal2016-160x160.jpg\" class=\"attachment-thumb-small size-thumb-small wp-post-image\" alt=\"\" decoding=\"async\" loading=\"lazy\" \/>\t\t\t\t\t\t\t\t\t\t\t\t\t\t\t\t\t\t\t\t\t\t\t\t\t\t\t<\/a>\r\n\t\t\t\t\t<\/div>\r\n\t\t\t\t\t\r\n\t\t\t\t\t<div class=\"tab-item-inner group\">\r\n\t\t\t\t\t\t\t\t\t\t\t\t<p class=\"tab-item-title\"><a href=\"https:\/\/www.seguridad.gob.sv\/cna\/?p=1233\" rel=\"bookmark\">Documento Final del Per\u00edodo Extraordinario de Sesiones de la Asamblea General de las Naciones Unidas Sobre el Problema Mundial de las Drogas Celebrado en 2016<\/a><\/p>\r\n\t\t\t\t\t\t\t\t\t\t\t<\/div>\r\n\r\n\t\t\t\t<\/li>\r\n\t\t\t\t\t\t\t\t<li>\r\n\r\n\t\t\t\t\t\t\t\t\t\t<div class=\"tab-item-thumbnail\">\r\n\t\t\t\t\t\t<a href=\"https:\/\/www.seguridad.gob.sv\/cna\/?p=1223\">\r\n\t\t\t\t\t\t\t<img width=\"80\" height=\"80\" src=\"https:\/\/www.seguridad.gob.sv\/cna\/wp-content\/uploads\/2018\/04\/como-proteger-a-tus-hijos-contra-las-drogas-160x160.jpg\" class=\"attachment-thumb-small size-thumb-small wp-post-image\" alt=\"\" decoding=\"async\" loading=\"lazy\" \/>\t\t\t\t\t\t\t\t\t\t\t\t\t\t\t\t\t\t\t\t\t\t\t\t\t\t\t<\/a>\r\n\t\t\t\t\t<\/div>\r\n\t\t\t\t\t\r\n\t\t\t\t\t<div class=\"tab-item-inner group\">\r\n\t\t\t\t\t\t\t\t\t\t\t\t<p class=\"tab-item-title\"><a href=\"https:\/\/www.seguridad.gob.sv\/cna\/?p=1223\" rel=\"bookmark\">Como proteger a tus hijos contra las drogas. Publicaci\u00f3n del Centro de Integraci\u00f3n Juvenil, M\u00e9xico<\/a><\/p>\r\n\t\t\t\t\t\t\t\t\t\t\t<\/div>\r\n\r\n\t\t\t\t<\/li>\r\n\t\t\t\t\t\t\t\t<li>\r\n\r\n\t\t\t\t\t\t\t\t\t\t<div class=\"tab-item-thumbnail\">\r\n\t\t\t\t\t\t<a href=\"https:\/\/www.seguridad.gob.sv\/cna\/?p=1216\">\r\n\t\t\t\t\t\t\t<img width=\"80\" height=\"80\" src=\"https:\/\/www.seguridad.gob.sv\/cna\/wp-content\/uploads\/2018\/04\/tendencias-mundiales-de-las-drogas-ilicitas-2002-160x160.jpg\" class=\"attachment-thumb-small size-thumb-small wp-post-image\" alt=\"\" decoding=\"async\" loading=\"lazy\" \/>\t\t\t\t\t\t\t\t\t\t\t\t\t\t\t\t\t\t\t\t\t\t\t\t\t\t\t<\/a>\r\n\t\t\t\t\t<\/div>\r\n\t\t\t\t\t\r\n\t\t\t\t\t<div class=\"tab-item-inner group\">\r\n\t\t\t\t\t\t\t\t\t\t\t\t<p class=\"tab-item-title\"><a href=\"https:\/\/www.seguridad.gob.sv\/cna\/?p=1216\" rel=\"bookmark\">Tendencias mundiales de las drogas il\u00edcitas 2002. Oficina de las Naciones Unidas de Fiscalizaci\u00f3n de Drogas y de Prevenci\u00f3n del Delito<\/a><\/p>\r\n\t\t\t\t\t\t\t\t\t\t\t<\/div>\r\n\r\n\t\t\t\t<\/li>\r\n\t\t\t\t\t\t\t\t<li>\r\n\r\n\t\t\t\t\t\t\t\t\t\t<div class=\"tab-item-thumbnail\">\r\n\t\t\t\t\t\t<a href=\"https:\/\/www.seguridad.gob.sv\/cna\/?p=1209\">\r\n\t\t\t\t\t\t\t<img width=\"80\" height=\"80\" src=\"https:\/\/www.seguridad.gob.sv\/cna\/wp-content\/uploads\/2018\/04\/tendencias-mundiales-de-las-drogas-ilicitas-2001-160x160.jpg\" class=\"attachment-thumb-small size-thumb-small wp-post-image\" alt=\"\" decoding=\"async\" loading=\"lazy\" \/>\t\t\t\t\t\t\t\t\t\t\t\t\t\t\t\t\t\t\t\t\t\t\t\t\t\t\t<\/a>\r\n\t\t\t\t\t<\/div>\r\n\t\t\t\t\t\r\n\t\t\t\t\t<div class=\"tab-item-inner group\">\r\n\t\t\t\t\t\t\t\t\t\t\t\t<p class=\"tab-item-title\"><a href=\"https:\/\/www.seguridad.gob.sv\/cna\/?p=1209\" rel=\"bookmark\">Tendencias mundiales de las drogas il\u00edcitas 2001. Oficina de las Naciones Unidas de Fiscalizaci\u00f3n de Drogas y de Prevenci\u00f3n del Delito<\/a><\/p>\r\n\t\t\t\t\t\t\t\t\t\t\t<\/div>\r\n\r\n\t\t\t\t<\/li>\r\n\t\t\t\t\t\t\t\t<li>\r\n\r\n\t\t\t\t\t\t\t\t\t\t<div class=\"tab-item-thumbnail\">\r\n\t\t\t\t\t\t<a href=\"https:\/\/www.seguridad.gob.sv\/cna\/?p=1205\">\r\n\t\t\t\t\t\t\t<img width=\"80\" height=\"80\" src=\"https:\/\/www.seguridad.gob.sv\/cna\/wp-content\/uploads\/2018\/04\/guia-para-las-convenciones-de-la-naciones-unidas-160x160.jpg\" class=\"attachment-thumb-small size-thumb-small wp-post-image\" alt=\"\" decoding=\"async\" loading=\"lazy\" \/>\t\t\t\t\t\t\t\t\t\t\t\t\t\t\t\t\t\t\t\t\t\t\t\t\t\t\t<\/a>\r\n\t\t\t\t\t<\/div>\r\n\t\t\t\t\t\r\n\t\t\t\t\t<div class=\"tab-item-inner group\">\r\n\t\t\t\t\t\t\t\t\t\t\t\t<p class=\"tab-item-title\"><a href=\"https:\/\/www.seguridad.gob.sv\/cna\/?p=1205\" rel=\"bookmark\">Requisitos para implementar las Convenciones sobre Fiscalizaci\u00f3n de Drogas.<\/a><\/p>\r\n\t\t\t\t\t\t\t\t\t\t\t<\/div>\r\n\r\n\t\t\t\t<\/li>\r\n\t\t\t\t\t\t\t\t<li>\r\n\r\n\t\t\t\t\t\t\t\t\t\t<div class=\"tab-item-thumbnail\">\r\n\t\t\t\t\t\t<a href=\"https:\/\/www.seguridad.gob.sv\/cna\/?p=1201\">\r\n\t\t\t\t\t\t\t<img width=\"80\" height=\"80\" src=\"https:\/\/www.seguridad.gob.sv\/cna\/wp-content\/uploads\/2018\/04\/Siempre-eliges-TU.-Elaborado-por-la-Sociedad-Cientifica-Espa\u00f1ola-de-Estudios-sobre-Alcohol-160x160.jpg\" class=\"attachment-thumb-small size-thumb-small wp-post-image\" alt=\"\" decoding=\"async\" loading=\"lazy\" \/>\t\t\t\t\t\t\t\t\t\t\t\t\t\t\t\t\t\t\t\t\t\t\t\t\t\t\t<\/a>\r\n\t\t\t\t\t<\/div>\r\n\t\t\t\t\t\r\n\t\t\t\t\t<div class=\"tab-item-inner group\">\r\n\t\t\t\t\t\t\t\t\t\t\t\t<p class=\"tab-item-title\"><a href=\"https:\/\/www.seguridad.gob.sv\/cna\/?p=1201\" rel=\"bookmark\">Siempre eliges TU. Elaborado por la Sociedad Cient\u00edfica Espa\u00f1ola de Estudios sobre Alcohol<\/a><\/p>\r\n\t\t\t\t\t\t\t\t\t\t\t<\/div>\r\n\r\n\t\t\t\t<\/li>\r\n\t\t\t\t\t\t\t\t<li>\r\n\r\n\t\t\t\t\t\t\t\t\t\t<div class=\"tab-item-thumbnail\">\r\n\t\t\t\t\t\t<a href=\"https:\/\/www.seguridad.gob.sv\/cna\/?p=1197\">\r\n\t\t\t\t\t\t\t<img width=\"80\" height=\"80\" src=\"https:\/\/www.seguridad.gob.sv\/cna\/wp-content\/uploads\/2018\/04\/promocion-de-la-salud-mental-160x160.jpg\" class=\"attachment-thumb-small size-thumb-small wp-post-image\" alt=\"\" decoding=\"async\" loading=\"lazy\" \/>\t\t\t\t\t\t\t\t\t\t\t\t\t\t\t\t\t\t\t\t\t\t\t\t\t\t\t<\/a>\r\n\t\t\t\t\t<\/div>\r\n\t\t\t\t\t\r\n\t\t\t\t\t<div class=\"tab-item-inner group\">\r\n\t\t\t\t\t\t\t\t\t\t\t\t<p class=\"tab-item-title\"><a href=\"https:\/\/www.seguridad.gob.sv\/cna\/?p=1197\" rel=\"bookmark\">Recomendaciones para la Promoci\u00f3n de la Salud Mental<\/a><\/p>\r\n\t\t\t\t\t\t\t\t\t\t\t<\/div>\r\n\r\n\t\t\t\t<\/li>\r\n\t\t\t\t\t\t\t\t<li>\r\n\r\n\t\t\t\t\t\t\t\t\t\t<div class=\"tab-item-thumbnail\">\r\n\t\t\t\t\t\t<a href=\"https:\/\/www.seguridad.gob.sv\/cna\/?p=1193\">\r\n\t\t\t\t\t\t\t<img width=\"80\" height=\"80\" src=\"https:\/\/www.seguridad.gob.sv\/cna\/wp-content\/uploads\/2018\/04\/manual-prevencion-y-tratamiento-tabaquismo-160x160.jpg\" class=\"attachment-thumb-small size-thumb-small wp-post-image\" alt=\"\" decoding=\"async\" loading=\"lazy\" \/>\t\t\t\t\t\t\t\t\t\t\t\t\t\t\t\t\t\t\t\t\t\t\t\t\t\t\t<\/a>\r\n\t\t\t\t\t<\/div>\r\n\t\t\t\t\t\r\n\t\t\t\t\t<div class=\"tab-item-inner group\">\r\n\t\t\t\t\t\t\t\t\t\t\t\t<p class=\"tab-item-title\"><a href=\"https:\/\/www.seguridad.gob.sv\/cna\/?p=1193\" rel=\"bookmark\">Manual de Prevenci\u00f3n y Tratamiento del Tabaquismo<\/a><\/p>\r\n\t\t\t\t\t\t\t\t\t\t\t<\/div>\r\n\r\n\t\t\t\t<\/li>\r\n\t\t\t\t\t\t\t\t<li>\r\n\r\n\t\t\t\t\t\t\t\t\t\t<div class=\"tab-item-thumbnail\">\r\n\t\t\t\t\t\t<a href=\"https:\/\/www.seguridad.gob.sv\/cna\/?p=1189\">\r\n\t\t\t\t\t\t\t<img width=\"80\" height=\"80\" src=\"https:\/\/www.seguridad.gob.sv\/cna\/wp-content\/uploads\/2018\/04\/monografia-cannabis-160x160.jpg\" class=\"attachment-thumb-small size-thumb-small wp-post-image\" alt=\"\" decoding=\"async\" loading=\"lazy\" \/>\t\t\t\t\t\t\t\t\t\t\t\t\t\t\t\t\t\t\t\t\t\t\t\t\t\t\t<\/a>\r\n\t\t\t\t\t<\/div>\r\n\t\t\t\t\t\r\n\t\t\t\t\t<div class=\"tab-item-inner group\">\r\n\t\t\t\t\t\t\t\t\t\t\t\t<p class=\"tab-item-title\"><a href=\"https:\/\/www.seguridad.gob.sv\/cna\/?p=1189\" rel=\"bookmark\">Monografia del Cannabis<\/a><\/p>\r\n\t\t\t\t\t\t\t\t\t\t\t<\/div>\r\n\r\n\t\t\t\t<\/li>\r\n\t\t\t\t\t\t\t\t<li>\r\n\r\n\t\t\t\t\t\t\t\t\t\t<div class=\"tab-item-thumbnail\">\r\n\t\t\t\t\t\t<a href=\"https:\/\/www.seguridad.gob.sv\/cna\/?p=1183\">\r\n\t\t\t\t\t\t\t<img width=\"80\" height=\"80\" src=\"https:\/\/www.seguridad.gob.sv\/cna\/wp-content\/uploads\/2018\/04\/monografia-tabaco-160x160.jpg\" class=\"attachment-thumb-small size-thumb-small wp-post-image\" alt=\"\" decoding=\"async\" loading=\"lazy\" \/>\t\t\t\t\t\t\t\t\t\t\t\t\t\t\t\t\t\t\t\t\t\t\t\t\t\t\t<\/a>\r\n\t\t\t\t\t<\/div>\r\n\t\t\t\t\t\r\n\t\t\t\t\t<div class=\"tab-item-inner group\">\r\n\t\t\t\t\t\t\t\t\t\t\t\t<p class=\"tab-item-title\"><a href=\"https:\/\/www.seguridad.gob.sv\/cna\/?p=1183\" rel=\"bookmark\">Monograf\u00eda del Tabaco<\/a><\/p>\r\n\t\t\t\t\t\t\t\t\t\t\t<\/div>\r\n\r\n\t\t\t\t<\/li>\r\n\t\t\t\t\t\t\t\t<li>\r\n\r\n\t\t\t\t\t\t\t\t\t\t<div class=\"tab-item-thumbnail\">\r\n\t\t\t\t\t\t<a href=\"https:\/\/www.seguridad.gob.sv\/cna\/?p=1179\">\r\n\t\t\t\t\t\t\t<img width=\"80\" height=\"80\" src=\"https:\/\/www.seguridad.gob.sv\/cna\/wp-content\/uploads\/2018\/04\/consumo-de-drogas-en-el-mundo-160x160.jpg\" class=\"attachment-thumb-small size-thumb-small wp-post-image\" alt=\"\" decoding=\"async\" loading=\"lazy\" \/>\t\t\t\t\t\t\t\t\t\t\t\t\t\t\t\t\t\t\t\t\t\t\t\t\t\t\t<\/a>\r\n\t\t\t\t\t<\/div>\r\n\t\t\t\t\t\r\n\t\t\t\t\t<div class=\"tab-item-inner group\">\r\n\t\t\t\t\t\t\t\t\t\t\t\t<p class=\"tab-item-title\"><a href=\"https:\/\/www.seguridad.gob.sv\/cna\/?p=1179\" rel=\"bookmark\">Panorama global sobre el consumo de drogas en el mundo y en las am\u00e9ricas.<\/a><\/p>\r\n\t\t\t\t\t\t\t\t\t\t\t<\/div>\r\n\r\n\t\t\t\t<\/li>\r\n\t\t\t\t\t\t\t\t<li>\r\n\r\n\t\t\t\t\t\t\t\t\t\t<div class=\"tab-item-thumbnail\">\r\n\t\t\t\t\t\t<a href=\"https:\/\/www.seguridad.gob.sv\/cna\/?p=1175\">\r\n\t\t\t\t\t\t\t<img width=\"80\" height=\"80\" src=\"https:\/\/www.seguridad.gob.sv\/cna\/wp-content\/uploads\/2018\/04\/fenomenos-emergentes-relacionados-con-drogas-160x160.jpg\" class=\"attachment-thumb-small size-thumb-small wp-post-image\" alt=\"\" decoding=\"async\" loading=\"lazy\" \/>\t\t\t\t\t\t\t\t\t\t\t\t\t\t\t\t\t\t\t\t\t\t\t\t\t\t\t<\/a>\r\n\t\t\t\t\t<\/div>\r\n\t\t\t\t\t\r\n\t\t\t\t\t<div class=\"tab-item-inner group\">\r\n\t\t\t\t\t\t\t\t\t\t\t\t<p class=\"tab-item-title\"><a href=\"https:\/\/www.seguridad.gob.sv\/cna\/?p=1175\" rel=\"bookmark\">Manual sobre Fen\u00f3menos Emergentes relacionados con Drogas.<\/a><\/p>\r\n\t\t\t\t\t\t\t\t\t\t\t<\/div>\r\n\r\n\t\t\t\t<\/li>\r\n\t\t\t\t\t\t\t\t<li>\r\n\r\n\t\t\t\t\t\t\t\t\t\t<div class=\"tab-item-thumbnail\">\r\n\t\t\t\t\t\t<a href=\"https:\/\/www.seguridad.gob.sv\/cna\/?p=1170\">\r\n\t\t\t\t\t\t\t<img width=\"80\" height=\"80\" src=\"https:\/\/www.seguridad.gob.sv\/cna\/wp-content\/uploads\/2018\/04\/la-familia-en-el-consumo-de-drogas-160x160.jpg\" class=\"attachment-thumb-small size-thumb-small wp-post-image\" alt=\"\" decoding=\"async\" loading=\"lazy\" \/>\t\t\t\t\t\t\t\t\t\t\t\t\t\t\t\t\t\t\t\t\t\t\t\t\t\t\t<\/a>\r\n\t\t\t\t\t<\/div>\r\n\t\t\t\t\t\r\n\t\t\t\t\t<div class=\"tab-item-inner group\">\r\n\t\t\t\t\t\t\t\t\t\t\t\t<p class=\"tab-item-title\"><a href=\"https:\/\/www.seguridad.gob.sv\/cna\/?p=1170\" rel=\"bookmark\">El papel de la familia en el consumo creativo de drogas<\/a><\/p>\r\n\t\t\t\t\t\t\t\t\t\t\t<\/div>\r\n\r\n\t\t\t\t<\/li>\r\n\t\t\t\t\t\t\t\t        \t\t\t<\/ul><!--\/.alx-tab-->\r\n\r\n\t\t\r\n\r\n\t\t\r\n\r\n\t\t\r\n\t\t\t<\/div>\r\n\r\n<\/div>\n<\/div><div id=\"pgc-1137-1-2\"  class=\"panel-grid-cell panel-grid-cell-empty\" ><\/div><\/div><\/div>","protected":false},"excerpt":{"rendered":"","protected":false},"author":1,"featured_media":0,"parent":0,"menu_order":0,"comment_status":"closed","ping_status":"closed","template":"","meta":[],"_links":{"self":[{"href":"https:\/\/www.seguridad.gob.sv\/cna\/index.php?rest_route=\/wp\/v2\/pages\/1137"}],"collection":[{"href":"https:\/\/www.seguridad.gob.sv\/cna\/index.php?rest_route=\/wp\/v2\/pages"}],"about":[{"href":"https:\/\/www.seguridad.gob.sv\/cna\/index.php?rest_route=\/wp\/v2\/types\/page"}],"author":[{"embeddable":true,"href":"https:\/\/www.seguridad.gob.sv\/cna\/index.php?rest_route=\/wp\/v2\/users\/1"}],"replies":[{"embeddable":true,"href":"https:\/\/www.seguridad.gob.sv\/cna\/index.php?rest_route=%2Fwp%2Fv2%2Fcomments&post=1137"}],"version-history":[{"count":7,"href":"https:\/\/www.seguridad.gob.sv\/cna\/index.php?rest_route=\/wp\/v2\/pages\/1137\/revisions"}],"predecessor-version":[{"id":1280,"href":"https:\/\/www.seguridad.gob.sv\/cna\/index.php?rest_route=\/wp\/v2\/pages\/1137\/revisions\/1280"}],"wp:attachment":[{"href":"https:\/\/www.seguridad.gob.sv\/cna\/index.php?rest_route=%2Fwp%2Fv2%2Fmedia&parent=1137"}],"curies":[{"name":"wp","href":"https:\/\/api.w.org\/{rel}","templated":true}]}}