{"id":2451,"date":"2020-07-01T20:21:02","date_gmt":"2020-07-01T20:21:02","guid":{"rendered":"https:\/\/www.seguridad.gob.sv\/cna\/?page_id=2451"},"modified":"2024-08-28T15:52:57","modified_gmt":"2024-08-28T15:52:57","slug":"hogar-crea-santisima-trinidad","status":"publish","type":"page","link":"https:\/\/www.seguridad.gob.sv\/cna\/?page_id=2451","title":{"rendered":"Hogar Crea Sant\u00edsima Trinidad"},"content":{"rendered":"<div id=\"pl-2451\"  class=\"panel-layout\" ><div id=\"pg-2451-0\"  class=\"panel-grid panel-no-style\" ><div id=\"pgc-2451-0-0\"  class=\"panel-grid-cell panel-grid-cell-empty\" ><\/div><div id=\"pgc-2451-0-1\"  class=\"panel-grid-cell panel-grid-cell-mobile-last\" ><div id=\"panel-2451-0-1-0\" class=\"so-panel widget widget_media_image panel-first-child panel-last-child\" data-index=\"0\" ><img width=\"800\" height=\"336\" src=\"https:\/\/www.seguridad.gob.sv\/cna\/wp-content\/uploads\/2024\/08\/Hogares-CREA-y-Sello-1024x430.png\" class=\"image wp-image-5864  attachment-800x336 size-800x336\" alt=\"\" decoding=\"async\" loading=\"lazy\" style=\"max-width: 100%; height: auto;\" srcset=\"https:\/\/www.seguridad.gob.sv\/cna\/wp-content\/uploads\/2024\/08\/Hogares-CREA-y-Sello-1024x430.png 1024w, https:\/\/www.seguridad.gob.sv\/cna\/wp-content\/uploads\/2024\/08\/Hogares-CREA-y-Sello-300x126.png 300w, https:\/\/www.seguridad.gob.sv\/cna\/wp-content\/uploads\/2024\/08\/Hogares-CREA-y-Sello-768x323.png 768w, https:\/\/www.seguridad.gob.sv\/cna\/wp-content\/uploads\/2024\/08\/Hogares-CREA-y-Sello-1536x646.png 1536w, https:\/\/www.seguridad.gob.sv\/cna\/wp-content\/uploads\/2024\/08\/Hogares-CREA-y-Sello-2048x861.png 2048w\" sizes=\"(max-width: 800px) 100vw, 800px\" \/><\/div><\/div><div id=\"pgc-2451-0-2\"  class=\"panel-grid-cell panel-grid-cell-empty\" ><\/div><\/div><div id=\"pg-2451-1\"  class=\"panel-grid panel-no-style\" ><div id=\"pgc-2451-1-0\"  class=\"panel-grid-cell panel-grid-cell-empty\" ><\/div><\/div><div id=\"pg-2451-2\"  class=\"panel-grid panel-no-style\" ><div id=\"pgc-2451-2-0\"  class=\"panel-grid-cell\" ><div id=\"panel-2451-2-0-0\" class=\"so-panel widget widget_black-studio-tinymce widget_black_studio_tinymce panel-first-child panel-last-child\" data-index=\"1\" ><div class=\"textwidget\"><p style=\"text-align: justify;\"><span style=\"font-family: georgia, palatino, serif; font-size: 14pt;\">Desde hace 24 a\u00f1os, venimos realizando todos los esfuerzos para apoyar al pueblo salvadore\u00f1o, trabajando directamente con el enfermo en Adicto a sustancias psicoactivas y por inercia propia, combatiendo este binomio Drogas-Violencia. A trav\u00e9s de implementar un tratamiento especializado, con orientaci\u00f3n Bio-Psico-Social-Espiritual-\u00c9tico, en ambiente de internamiento por 20 meses como m\u00ednimo. Somos una ONG sin fines de lucro, inscrita en Ministerio de Gobernaci\u00f3n, trabajamos en la prevenci\u00f3n indicada, en el tratamiento y en la reinserci\u00f3n social de ADICTOS, con cuadro de dependencia a Sustancias Psicoactivas. Actualmente funcionan 4 Hogares CREA, el Hogar CREA Mar\u00eda Auxiliadora (masculino), ubicado en Panchimalco, el Hogar CREA \u201cGuadalupe de Calles\u201d (femenino), en San Salvador, el Hogar CREA Reina de la Paz (masculino) en San Miguel y el <strong>Hogar CREA Sant\u00edsima Trinidad (masculino), ubicado en la ciudad de Sonsonate<\/strong>. Constituidos todos ellos, legalmente como Asociaci\u00f3n de Hogares CREA de El Salvador.<\/span><\/p>\n<p style=\"text-align: justify;\"><span style=\"font-family: georgia, palatino, serif; font-size: 14pt;\">El Programa de Hogares CREA, atiende a personas de ambos sexos de 18 a\u00f1os en adelante, sin importar sexo, religi\u00f3n, condici\u00f3n econ\u00f3mica.\u00a0 Incluye 14 modalidades de terapia. A la fecha se han beneficiado 468 reeducados que est\u00e1n insertados en la comunidad, fruto de la ardua labor que se realiza. Adem\u00e1s, se ha brindado ayuda a miles de familias que nos buscan para orientaci\u00f3n. Nuestra metodolog\u00eda consiste en mantener, un Ambiente Terap\u00e9utico, los 365 d\u00edas del a\u00f1o, las 24 horas del d\u00eda, a trav\u00e9s de implementar 14 modalidades de terapia. \u00c9sto es el motor del proceso terap\u00e9utico individual y grupal, pero el catalizador es el mismo paciente, quien colabora en su propio tratamiento y en el colectivo, en un esquema de presi\u00f3n psicol\u00f3gica, parecido a la realidad familiar y social.<\/span><\/p>\n<p style=\"text-align: justify;\"><span style=\"font-family: georgia, palatino, serif; font-size: 14pt;\">Dr. Manuel Salvador Morales, Director M\u00e9dico, Asociaci\u00f3n de Hogares CREA de El Salvador<\/span><\/p>\n<\/div><\/div><\/div><\/div><div id=\"pg-2451-3\"  class=\"panel-grid panel-no-style\" ><div id=\"pgc-2451-3-0\"  class=\"panel-grid-cell\" ><div id=\"panel-2451-3-0-0\" class=\"so-panel widget widget_black-studio-tinymce widget_black_studio_tinymce panel-first-child panel-last-child\" data-index=\"2\" ><div class=\"textwidget\"><table class=\" aligncenter\" style=\"height: 401px; width: 62.3587%; border-collapse: collapse; border-style: solid; border-color: #89888c;\">\n<tbody>\n<tr style=\"height: 24px;\">\n<td style=\"width: 435px; height: 24px; text-align: left;\"><span style=\"font-size: 14pt; color: #000000;\"><strong><span style=\"font-family: 'times new roman', times, serif;\">Nombre del Director:<\/span><\/strong><\/span><\/td>\n<td style=\"width: 488px; text-align: left; height: 24px;\"><span style=\"font-size: 14pt;\">OSCAR CHAVEZ<\/span><\/td>\n<\/tr>\n<tr>\n<td style=\"width: 435px; text-align: left;\"><span style=\"font-family: 'times new roman', times, serif; font-size: 14pt; color: #000000;\"><strong>Ubicaci\u00f3n:<\/strong><\/span><\/td>\n<td style=\"width: 488px; text-align: left;\"><span style=\"font-size: 14pt;\">Prolongaci\u00f3n 10\u00aa. Av. Sur. Lotificaci\u00f3n Incl\u00e1n, Sonsonate<\/span><\/td>\n<\/tr>\n<tr>\n<td style=\"width: 435px; text-align: left;\"><span style=\"font-family: 'times new roman', times, serif; font-size: 14pt; color: #000000;\"><strong>Tipo de organizaci\u00f3n:<\/strong><\/span><\/td>\n<td style=\"width: 488px; text-align: left;\"><span style=\"font-size: 14pt;\">ONG<\/span><\/td>\n<\/tr>\n<tr>\n<td style=\"width: 435px; text-align: left;\"><span style=\"font-family: 'times new roman', times, serif; font-size: 14pt; color: #000000;\"><strong>Tipo de intervenci\u00f3n:<\/strong><\/span><\/td>\n<td style=\"width: 488px; text-align: left;\"><span style=\"font-size: 14pt;\">Residencial<\/span><\/td>\n<\/tr>\n<tr>\n<td style=\"width: 435px; text-align: left;\"><span style=\"font-family: 'times new roman', times, serif; font-size: 14pt; color: #000000;\"><strong>Poblaci\u00f3n a la que est\u00e1n dirigidas las intervenciones:<\/strong><\/span><\/td>\n<td style=\"width: 488px; text-align: left;\"><span style=\"font-size: 14pt;\">Hombres de 18 a 55 a\u00f1os de edad, con dependencia a sustancias psicoactivas<\/span><\/td>\n<\/tr>\n<tr>\n<td style=\"width: 435px; text-align: left;\"><span style=\"font-family: 'times new roman', times, serif; font-size: 14pt; color: #000000;\"><strong><span style=\"font-family: 'times new roman', times, serif;\">Tel\u00e9fono de contacto:<\/span><\/strong><\/span><\/td>\n<td style=\"width: 488px; text-align: left;\"><span style=\"font-size: 14pt;\">2213-9920, 2451\u20148166<\/span><\/td>\n<\/tr>\n<tr style=\"height: 65px;\">\n<td style=\"width: 435px; text-align: left; height: 65px;\"><span style=\"font-family: 'times new roman', times, serif; color: #000000; font-size: 14pt;\"><strong> Correo electr\u00f3nico:<\/strong><\/span><\/td>\n<td style=\"width: 488px; height: 65px;\">\n<p style=\"text-align: left;\"><span style=\"font-size: 14pt; color: #0000ff;\"><a style=\"color: #0000ff;\" href=\"mailto:hogarcreasonsonate2014@gmail.com\">hogarcreasonsonate2014@gmail.com<\/a><\/span><\/p>\n<\/td>\n<\/tr>\n<tr>\n<td style=\"width: 435px; text-align: left;\"><span style=\"font-family: 'times new roman', times, serif; color: #000000; font-size: 14pt;\"><strong>Redes Sociales:<\/strong><\/span><\/td>\n<td style=\"width: 488px;\"><a href=\"https:\/\/www.facebook.com\/Hogar-Crea-Sant%C3%ADsima-Trinidad-2162175870735680\/\" target=\"_blank\" rel=\"noopener\"><img class=\"alignleft wp-image-1945\" src=\"https:\/\/www.seguridad.gob.sv\/cna\/wp-content\/uploads\/2019\/09\/facebook.png\" alt=\"\" width=\"81\" height=\"72\" \/><\/a><a href=\"https:\/\/hogarescreaelsalvador.com\/2015\/01\/19\/el-hogar-crea-santisima-trinidad\/\" target=\"_blank\" rel=\"noopener\"><img class=\"alignleft wp-image-2620\" src=\"https:\/\/www.seguridad.gob.sv\/cna\/wp-content\/uploads\/2020\/06\/sitio.png\" alt=\"\" width=\"72\" height=\"72\" \/><\/a><\/td>\n<\/tr>\n<\/tbody>\n<\/table>\n<\/div><\/div><\/div><\/div><div id=\"pg-2451-4\"  class=\"panel-grid panel-no-style\" ><div id=\"pgc-2451-4-0\"  class=\"panel-grid-cell\" ><div id=\"panel-2451-4-0-0\" class=\"so-panel widget widget_black-studio-tinymce widget_black_studio_tinymce panel-first-child panel-last-child\" data-index=\"3\" ><div class=\"textwidget\"><p><a href=\"https:\/\/www.seguridad.gob.sv\/cna\/wp-content\/uploads\/2020\/06\/santisima_trinidad_1.jpg\" target=\"_blank\" rel=\"noopener\"><img class=\"aligncenter wp-image-2551 size-full\" src=\"https:\/\/www.seguridad.gob.sv\/cna\/wp-content\/uploads\/2020\/06\/santisima_trinidad_1.jpg\" alt=\"\" width=\"960\" height=\"522\" \/><\/a><\/p>\n<\/div><\/div><\/div><div id=\"pgc-2451-4-1\"  class=\"panel-grid-cell\" ><div id=\"panel-2451-4-1-0\" class=\"so-panel widget widget_black-studio-tinymce widget_black_studio_tinymce panel-first-child panel-last-child\" data-index=\"4\" ><div class=\"textwidget\"><p><a href=\"https:\/\/www.seguridad.gob.sv\/cna\/wp-content\/uploads\/2020\/06\/santisima_trinidad_2.jpg\" target=\"_blank\" rel=\"noopener\"><img class=\"aligncenter wp-image-2552 size-full\" src=\"https:\/\/www.seguridad.gob.sv\/cna\/wp-content\/uploads\/2020\/06\/santisima_trinidad_2.jpg\" alt=\"\" width=\"960\" height=\"522\" \/><\/a><\/p>\n<\/div><\/div><\/div><div id=\"pgc-2451-4-2\"  class=\"panel-grid-cell\" ><div id=\"panel-2451-4-2-0\" class=\"so-panel widget widget_black-studio-tinymce widget_black_studio_tinymce panel-first-child panel-last-child\" data-index=\"5\" ><div class=\"textwidget\"><p><a href=\"https:\/\/www.seguridad.gob.sv\/cna\/wp-content\/uploads\/2020\/06\/santisima_trinidad_3.jpg\" target=\"_blank\" rel=\"noopener\"><img class=\"aligncenter wp-image-2553 size-full\" src=\"https:\/\/www.seguridad.gob.sv\/cna\/wp-content\/uploads\/2020\/06\/santisima_trinidad_3.jpg\" alt=\"\" width=\"960\" height=\"522\" \/><\/a><\/p>\n<\/div><\/div><\/div><\/div><div id=\"pg-2451-5\"  class=\"panel-grid panel-no-style\" ><div id=\"pgc-2451-5-0\"  class=\"panel-grid-cell\" ><div id=\"panel-2451-5-0-0\" class=\"so-panel widget widget_black-studio-tinymce widget_black_studio_tinymce panel-first-child\" data-index=\"6\" ><div class=\"textwidget\"><p><a href=\"https:\/\/www.seguridad.gob.sv\/cna\/wp-content\/uploads\/2020\/07\/Denuncias-scaled.jpg\"><img class=\"size-full wp-image-2838 aligncenter\" src=\"https:\/\/www.seguridad.gob.sv\/cna\/wp-content\/uploads\/2020\/07\/Denuncias-scaled.jpg\" alt=\"\" width=\"2560\" height=\"240\" \/><\/a><\/p>\n<\/div><\/div><\/div><\/div><\/div>","protected":false},"excerpt":{"rendered":"<p>Desde hace 24 a\u00f1os, venimos realizando todos los esfuerzos para apoyar al pueblo salvadore\u00f1o, trabajando directamente con el enfermo en Adicto a sustancias psicoactivas y por inercia propia, combatiendo este binomio Drogas-Violencia. A trav\u00e9s&#46;&#46;&#46;<\/p>\n","protected":false},"author":1,"featured_media":0,"parent":0,"menu_order":0,"comment_status":"closed","ping_status":"closed","template":"","meta":[],"_links":{"self":[{"href":"https:\/\/www.seguridad.gob.sv\/cna\/index.php?rest_route=\/wp\/v2\/pages\/2451"}],"collection":[{"href":"https:\/\/www.seguridad.gob.sv\/cna\/index.php?rest_route=\/wp\/v2\/pages"}],"about":[{"href":"https:\/\/www.seguridad.gob.sv\/cna\/index.php?rest_route=\/wp\/v2\/types\/page"}],"author":[{"embeddable":true,"href":"https:\/\/www.seguridad.gob.sv\/cna\/index.php?rest_route=\/wp\/v2\/users\/1"}],"replies":[{"embeddable":true,"href":"https:\/\/www.seguridad.gob.sv\/cna\/index.php?rest_route=%2Fwp%2Fv2%2Fcomments&post=2451"}],"version-history":[{"count":150,"href":"https:\/\/www.seguridad.gob.sv\/cna\/index.php?rest_route=\/wp\/v2\/pages\/2451\/revisions"}],"predecessor-version":[{"id":5878,"href":"https:\/\/www.seguridad.gob.sv\/cna\/index.php?rest_route=\/wp\/v2\/pages\/2451\/revisions\/5878"}],"wp:attachment":[{"href":"https:\/\/www.seguridad.gob.sv\/cna\/index.php?rest_route=%2Fwp%2Fv2%2Fmedia&parent=2451"}],"curies":[{"name":"wp","href":"https:\/\/api.w.org\/{rel}","templated":true}]}}

Hogar Crea Santísima Trinidad

<div id="pl-2451"  class="panel-layout" ><div id="pg-2451-0"  class="panel-grid panel-no-style" ><div id="pgc-2451-0-0"  class="panel-grid-cell panel-grid-cell-empty" ></div><div id="pgc-2451-0-1"  class="panel-grid-cell panel-grid-cell-mobile-last" ><div id="panel-2451-0-1-0" class="so-panel widget widget_media_image panel-first-child panel-last-child" data-index="0" ><img width="800" height="336" src="https://www.seguridad.gob.sv/cna/wp-content/uploads/2024/08/Hogares-CREA-y-Sello-1024x430.png" class="image wp-image-5864  attachment-800x336 size-800x336" alt="" decoding="async" loading="lazy" style="max-width: 100%; height: auto;" srcset="https://www.seguridad.gob.sv/cna/wp-content/uploads/2024/08/Hogares-CREA-y-Sello-1024x430.png 1024w, https://www.seguridad.gob.sv/cna/wp-content/uploads/2024/08/Hogares-CREA-y-Sello-300x126.png 300w, https://www.seguridad.gob.sv/cna/wp-content/uploads/2024/08/Hogares-CREA-y-Sello-768x323.png 768w, https://www.seguridad.gob.sv/cna/wp-content/uploads/2024/08/Hogares-CREA-y-Sello-1536x646.png 1536w, https://www.seguridad.gob.sv/cna/wp-content/uploads/2024/08/Hogares-CREA-y-Sello-2048x861.png 2048w" sizes="(max-width: 800px) 100vw, 800px" /></div></div><div id="pgc-2451-0-2"  class="panel-grid-cell panel-grid-cell-empty" ></div></div><div id="pg-2451-1"  class="panel-grid panel-no-style" ><div id="pgc-2451-1-0"  class="panel-grid-cell panel-grid-cell-empty" ></div></div><div id="pg-2451-2"  class="panel-grid panel-no-style" ><div id="pgc-2451-2-0"  class="panel-grid-cell" ><div id="panel-2451-2-0-0" class="so-panel widget widget_black-studio-tinymce widget_black_studio_tinymce panel-first-child panel-last-child" data-index="1" ><div class="textwidget"><p style="text-align: justify;"><span style="font-family: georgia, palatino, serif; font-size: 14pt;">Desde hace 24 años, venimos realizando todos los esfuerzos para apoyar al pueblo salvadoreño, trabajando directamente con el enfermo en Adicto a sustancias psicoactivas y por inercia propia, combatiendo este binomio Drogas-Violencia. A través de implementar un tratamiento especializado, con orientación Bio-Psico-Social-Espiritual-Ético, en ambiente de internamiento por 20 meses como mínimo. Somos una ONG sin fines de lucro, inscrita en Ministerio de Gobernación, trabajamos en la prevención indicada, en el tratamiento y en la reinserción social de ADICTOS, con cuadro de dependencia a Sustancias Psicoactivas. Actualmente funcionan 4 Hogares CREA, el Hogar CREA María Auxiliadora (masculino), ubicado en Panchimalco, el Hogar CREA “Guadalupe de Calles” (femenino), en San Salvador, el Hogar CREA Reina de la Paz (masculino) en San Miguel y el <strong>Hogar CREA Santísima Trinidad (masculino), ubicado en la ciudad de Sonsonate</strong>. Constituidos todos ellos, legalmente como Asociación de Hogares CREA de El Salvador.</span></p>
<p style="text-align: justify;"><span style="font-family: georgia, palatino, serif; font-size: 14pt;">El Programa de Hogares CREA, atiende a personas de ambos sexos de 18 años en adelante, sin importar sexo, religión, condición económica.  Incluye 14 modalidades de terapia. A la fecha se han beneficiado 468 reeducados que están insertados en la comunidad, fruto de la ardua labor que se realiza. Además, se ha brindado ayuda a miles de familias que nos buscan para orientación. Nuestra metodología consiste en mantener, un Ambiente Terapéutico, los 365 días del año, las 24 horas del día, a través de implementar 14 modalidades de terapia. Ésto es el motor del proceso terapéutico individual y grupal, pero el catalizador es el mismo paciente, quien colabora en su propio tratamiento y en el colectivo, en un esquema de presión psicológica, parecido a la realidad familiar y social.</span></p>
<p style="text-align: justify;"><span style="font-family: georgia, palatino, serif; font-size: 14pt;">Dr. Manuel Salvador Morales, Director Médico, Asociación de Hogares CREA de El Salvador</span></p>
</div></div></div></div><div id="pg-2451-3"  class="panel-grid panel-no-style" ><div id="pgc-2451-3-0"  class="panel-grid-cell" ><div id="panel-2451-3-0-0" class="so-panel widget widget_black-studio-tinymce widget_black_studio_tinymce panel-first-child panel-last-child" data-index="2" ><div class="textwidget"><table class=" aligncenter" style="height: 401px; width: 62.3587%; border-collapse: collapse; border-style: solid; border-color: #89888c;">
<tbody>
<tr style="height: 24px;">
<td style="width: 435px; height: 24px; text-align: left;"><span style="font-size: 14pt; color: #000000;"><strong><span style="font-family: 'times new roman', times, serif;">Nombre del Director:</span></strong></span></td>
<td style="width: 488px; text-align: left; height: 24px;"><span style="font-size: 14pt;">OSCAR CHAVEZ</span></td>
</tr>
<tr>
<td style="width: 435px; text-align: left;"><span style="font-family: 'times new roman', times, serif; font-size: 14pt; color: #000000;"><strong>Ubicación:</strong></span></td>
<td style="width: 488px; text-align: left;"><span style="font-size: 14pt;">Prolongación 10ª. Av. Sur. Lotificación Inclán, Sonsonate</span></td>
</tr>
<tr>
<td style="width: 435px; text-align: left;"><span style="font-family: 'times new roman', times, serif; font-size: 14pt; color: #000000;"><strong>Tipo de organización:</strong></span></td>
<td style="width: 488px; text-align: left;"><span style="font-size: 14pt;">ONG</span></td>
</tr>
<tr>
<td style="width: 435px; text-align: left;"><span style="font-family: 'times new roman', times, serif; font-size: 14pt; color: #000000;"><strong>Tipo de intervención:</strong></span></td>
<td style="width: 488px; text-align: left;"><span style="font-size: 14pt;">Residencial</span></td>
</tr>
<tr>
<td style="width: 435px; text-align: left;"><span style="font-family: 'times new roman', times, serif; font-size: 14pt; color: #000000;"><strong>Población a la que están dirigidas las intervenciones:</strong></span></td>
<td style="width: 488px; text-align: left;"><span style="font-size: 14pt;">Hombres de 18 a 55 años de edad, con dependencia a sustancias psicoactivas</span></td>
</tr>
<tr>
<td style="width: 435px; text-align: left;"><span style="font-family: 'times new roman', times, serif; font-size: 14pt; color: #000000;"><strong><span style="font-family: 'times new roman', times, serif;">Teléfono de contacto:</span></strong></span></td>
<td style="width: 488px; text-align: left;"><span style="font-size: 14pt;">2213-9920, 2451—8166</span></td>
</tr>
<tr style="height: 65px;">
<td style="width: 435px; text-align: left; height: 65px;"><span style="font-family: 'times new roman', times, serif; color: #000000; font-size: 14pt;"><strong> Correo electrónico:</strong></span></td>
<td style="width: 488px; height: 65px;">
<p style="text-align: left;"><span style="font-size: 14pt; color: #0000ff;"><a style="color: #0000ff;" href="mailto:hogarcreasonsonate2014@gmail.com">hogarcreasonsonate2014@gmail.com</a></span></p>
</td>
</tr>
<tr>
<td style="width: 435px; text-align: left;"><span style="font-family: 'times new roman', times, serif; color: #000000; font-size: 14pt;"><strong>Redes Sociales:</strong></span></td>
<td style="width: 488px;"><a href="https://www.facebook.com/Hogar-Crea-Sant%C3%ADsima-Trinidad-2162175870735680/" target="_blank" rel="noopener"><img class="alignleft wp-image-1945" src="https://www.seguridad.gob.sv/cna/wp-content/uploads/2019/09/facebook.png" alt="" width="81" height="72" /></a><a href="https://hogarescreaelsalvador.com/2015/01/19/el-hogar-crea-santisima-trinidad/" target="_blank" rel="noopener"><img class="alignleft wp-image-2620" src="https://www.seguridad.gob.sv/cna/wp-content/uploads/2020/06/sitio.png" alt="" width="72" height="72" /></a></td>
</tr>
</tbody>
</table>
</div></div></div></div><div id="pg-2451-4"  class="panel-grid panel-no-style" ><div id="pgc-2451-4-0"  class="panel-grid-cell" ><div id="panel-2451-4-0-0" class="so-panel widget widget_black-studio-tinymce widget_black_studio_tinymce panel-first-child panel-last-child" data-index="3" ><div class="textwidget"><p><a href="https://www.seguridad.gob.sv/cna/wp-content/uploads/2020/06/santisima_trinidad_1.jpg" target="_blank" rel="noopener"><img class="aligncenter wp-image-2551 size-full" src="https://www.seguridad.gob.sv/cna/wp-content/uploads/2020/06/santisima_trinidad_1.jpg" alt="" width="960" height="522" /></a></p>
</div></div></div><div id="pgc-2451-4-1"  class="panel-grid-cell" ><div id="panel-2451-4-1-0" class="so-panel widget widget_black-studio-tinymce widget_black_studio_tinymce panel-first-child panel-last-child" data-index="4" ><div class="textwidget"><p><a href="https://www.seguridad.gob.sv/cna/wp-content/uploads/2020/06/santisima_trinidad_2.jpg" target="_blank" rel="noopener"><img class="aligncenter wp-image-2552 size-full" src="https://www.seguridad.gob.sv/cna/wp-content/uploads/2020/06/santisima_trinidad_2.jpg" alt="" width="960" height="522" /></a></p>
</div></div></div><div id="pgc-2451-4-2"  class="panel-grid-cell" ><div id="panel-2451-4-2-0" class="so-panel widget widget_black-studio-tinymce widget_black_studio_tinymce panel-first-child panel-last-child" data-index="5" ><div class="textwidget"><p><a href="https://www.seguridad.gob.sv/cna/wp-content/uploads/2020/06/santisima_trinidad_3.jpg" target="_blank" rel="noopener"><img class="aligncenter wp-image-2553 size-full" src="https://www.seguridad.gob.sv/cna/wp-content/uploads/2020/06/santisima_trinidad_3.jpg" alt="" width="960" height="522" /></a></p>
</div></div></div></div><div id="pg-2451-5"  class="panel-grid panel-no-style" ><div id="pgc-2451-5-0"  class="panel-grid-cell" ><div id="panel-2451-5-0-0" class="so-panel widget widget_black-studio-tinymce widget_black_studio_tinymce panel-first-child" data-index="6" ><div class="textwidget"><p><a href="https://www.seguridad.gob.sv/cna/wp-content/uploads/2020/07/Denuncias-scaled.jpg"><img class="size-full wp-image-2838 aligncenter" src="https://www.seguridad.gob.sv/cna/wp-content/uploads/2020/07/Denuncias-scaled.jpg" alt="" width="2560" height="240" /></a></p>
</div></div></div></div></div>

<p>Desde hace 24 años, venimos realizando todos los esfuerzos para apoyar al pueblo salvadoreño, trabajando directamente con el enfermo en Adicto a sustancias psicoactivas y por inercia propia, combatiendo este binomio Drogas-Violencia. A través&#46;&#46;&#46;</p>
