{"id":2660,"date":"2020-07-01T20:21:54","date_gmt":"2020-07-01T20:21:54","guid":{"rendered":"https:\/\/www.seguridad.gob.sv\/cna\/?page_id=2660"},"modified":"2024-08-28T15:07:47","modified_gmt":"2024-08-28T15:07:47","slug":"asociacion-escapa-por-tu-vida","status":"publish","type":"page","link":"https:\/\/www.seguridad.gob.sv\/cna\/?page_id=2660","title":{"rendered":"ASOCIACI\u00d3N ESCAPA POR TU VIDA"},"content":{"rendered":"<div id=\"pl-2660\"  class=\"panel-layout\" ><div id=\"pg-2660-0\"  class=\"panel-grid panel-no-style\" ><div id=\"pgc-2660-0-0\"  class=\"panel-grid-cell panel-grid-cell-empty\" ><\/div><div id=\"pgc-2660-0-1\"  class=\"panel-grid-cell panel-grid-cell-mobile-last\" ><div id=\"panel-2660-0-1-0\" class=\"so-panel widget widget_media_image panel-first-child panel-last-child\" data-index=\"0\" ><img width=\"800\" height=\"336\" src=\"https:\/\/www.seguridad.gob.sv\/cna\/wp-content\/uploads\/2024\/08\/Escapa-por-tu-vida-y-Sello-1024x430.png\" class=\"image wp-image-5848  attachment-800x336 size-800x336\" alt=\"\" decoding=\"async\" loading=\"lazy\" style=\"max-width: 100%; height: auto;\" srcset=\"https:\/\/www.seguridad.gob.sv\/cna\/wp-content\/uploads\/2024\/08\/Escapa-por-tu-vida-y-Sello-1024x430.png 1024w, https:\/\/www.seguridad.gob.sv\/cna\/wp-content\/uploads\/2024\/08\/Escapa-por-tu-vida-y-Sello-300x126.png 300w, https:\/\/www.seguridad.gob.sv\/cna\/wp-content\/uploads\/2024\/08\/Escapa-por-tu-vida-y-Sello-768x323.png 768w, https:\/\/www.seguridad.gob.sv\/cna\/wp-content\/uploads\/2024\/08\/Escapa-por-tu-vida-y-Sello-1536x646.png 1536w, https:\/\/www.seguridad.gob.sv\/cna\/wp-content\/uploads\/2024\/08\/Escapa-por-tu-vida-y-Sello-2048x861.png 2048w\" sizes=\"(max-width: 800px) 100vw, 800px\" \/><\/div><\/div><div id=\"pgc-2660-0-2\"  class=\"panel-grid-cell panel-grid-cell-empty\" ><\/div><\/div><div id=\"pg-2660-1\"  class=\"panel-grid panel-no-style\" ><div id=\"pgc-2660-1-0\"  class=\"panel-grid-cell panel-grid-cell-empty\" ><\/div><\/div><div id=\"pg-2660-2\"  class=\"panel-grid panel-no-style\" ><div id=\"pgc-2660-2-0\"  class=\"panel-grid-cell\" ><div id=\"panel-2660-2-0-0\" class=\"so-panel widget widget_black-studio-tinymce widget_black_studio_tinymce panel-first-child panel-last-child\" data-index=\"1\" ><div class=\"textwidget\"><p style=\"text-align: justify;\"><span style=\"font-size: 14pt;\">La <strong>Asociaci\u00f3n Escapa por tu Vida<\/strong> nace con el objetivo de ayudar a la sociedad salvadore\u00f1a como una alternativa ante el flagelo del alcoholismo y las drogas, que da como resultado delincuencia, orfandad, desintegraci\u00f3n familiar, etc.<\/span><\/p>\n<p style=\"text-align: justify;\"><span style=\"font-size: 14pt;\">Somos una instituci\u00f3n no lucrativa que ofrecemos un tratamiento integral para personas adictas a sustancias psicoactivas, brind\u00e1ndoles las herramientas que garantizan un proceso individualizado, donde desarrollan las habilidades necesarias para reintegrarse a la sociedad como ente productivo.<\/span><\/p>\n<p style=\"text-align: justify;\"><span style=\"font-size: 14pt;\">Estamos conscientes que no existe una soluci\u00f3n \u00fanica a esta problem\u00e1tica, pero nos une el deseo ferviente de ayudar a este segmento de la poblaci\u00f3n, vulnerable e invisible, de las pol\u00edticas p\u00fablicas y el debate socio-pol\u00edtico.<\/span><\/p>\n<p style=\"text-align: justify;\"><span style=\"font-size: 14pt;\">Es por todo lo anterior que como sociedad civil, estamos comprometidos con la vida, el bienestar y rehabilitaci\u00f3n de las personas afectas a drogas y su grupo familiar.<\/span><\/p>\n<p style=\"text-align: justify;\"><span style=\"font-size: 14pt;\">Hacemos un llamado a las personas que quieren sumarse a esta noble causa, a apoyar nuestra instituci\u00f3n.<\/span><\/p>\n<\/div><\/div><\/div><\/div><div id=\"pg-2660-3\"  class=\"panel-grid panel-no-style\" ><div id=\"pgc-2660-3-0\"  class=\"panel-grid-cell\" ><div id=\"panel-2660-3-0-0\" class=\"so-panel widget widget_black-studio-tinymce widget_black_studio_tinymce panel-first-child panel-last-child\" data-index=\"2\" ><div class=\"textwidget\"><table class=\" aligncenter\" style=\"height: 467px; width: 62.4378%; border-collapse: collapse; border-style: solid; border-color: #89888c;\">\n<tbody>\n<tr style=\"height: 24px;\">\n<td style=\"width: 42.9114%; height: 24px; text-align: left;\"><span style=\"color: #000000;\"><strong><span style=\"font-family: 'times new roman', times, serif; font-size: 14pt;\">Nombre del Director:<\/span><\/strong><\/span><\/td>\n<td style=\"width: 56.7089%; text-align: left; height: 24px;\"><span style=\"font-size: 14pt;\">MARIO GIR\u00d3N<\/span><\/td>\n<\/tr>\n<tr>\n<td style=\"width: 42.9114%; text-align: left;\"><span style=\"font-family: 'times new roman', times, serif; font-size: 14pt; color: #000000;\"><strong>Ubicaci\u00f3n:<\/strong><\/span><\/td>\n<td style=\"width: 56.7089%; text-align: left;\"><span style=\"font-size: 14pt;\">AGUILARES<\/span><\/td>\n<\/tr>\n<tr>\n<td style=\"width: 42.9114%; text-align: left;\"><span style=\"font-family: 'times new roman', times, serif; font-size: 14pt; color: #000000;\"><strong>Tipo de organizaci\u00f3n:<\/strong><\/span><\/td>\n<td style=\"width: 56.7089%; text-align: left;\"><span style=\"font-size: 14pt;\">ONG<\/span><\/td>\n<\/tr>\n<tr>\n<td style=\"width: 42.9114%; text-align: left;\"><span style=\"font-family: 'times new roman', times, serif; font-size: 14pt; color: #000000;\"><strong>Tipo de intervenci\u00f3n:<\/strong><\/span><\/td>\n<td style=\"width: 56.7089%; text-align: left;\"><span style=\"font-size: 14pt;\">Residencial<\/span><\/td>\n<\/tr>\n<tr>\n<td style=\"width: 42.9114%; text-align: left;\"><span style=\"font-family: 'times new roman', times, serif; font-size: 14pt; color: #000000;\"><strong>Poblaci\u00f3n a la que est\u00e1n dirigidas las intervenciones:<\/strong><\/span><\/td>\n<td style=\"width: 56.7089%; text-align: left;\"><span style=\"font-size: 14pt;\">Hombres adultos, consumidores problem\u00e1ticos de drogas<\/span><\/td>\n<\/tr>\n<tr>\n<td style=\"width: 42.9114%; text-align: left;\"><span style=\"font-family: 'times new roman', times, serif; font-size: 14pt; color: #000000;\"><strong><span style=\"font-family: 'times new roman', times, serif;\">Tel\u00e9fono de contacto:<\/span><\/strong><\/span><\/td>\n<td style=\"width: 56.7089%; text-align: left;\"><span style=\"font-size: 14pt;\">2300-3962<\/span><\/td>\n<\/tr>\n<tr style=\"height: 65px;\">\n<td style=\"width: 42.9114%; text-align: left; height: 65px;\"><span style=\"font-family: 'times new roman', times, serif; color: #000000; font-size: 14pt;\"><strong> Correo electr\u00f3nico:<\/strong><\/span><\/td>\n<td style=\"width: 56.7089%; height: 65px;\">\n<p style=\"text-align: left;\"><span style=\"font-size: 14pt;\"><a href=\"mailto:salvandovidas2002@hotmail.com\">salvandovidas2002@hotmail.com<\/a><\/span><\/p>\n<\/td>\n<\/tr>\n<tr>\n<td style=\"width: 42.9114%; text-align: left;\"><span style=\"font-family: 'times new roman', times, serif; color: #000000; font-size: 14pt;\"><strong>Redes Sociales:<\/strong><\/span><\/td>\n<td style=\"width: 56.7089%;\"><a href=\"https:\/\/www.facebook.com\/Asociacion-ESCAPA-POR-TU-VIDA-El-Salvador-213982691963607\/\" target=\"_blank\" rel=\"noopener\"><img class=\"wp-image-1945 alignleft\" src=\"https:\/\/www.seguridad.gob.sv\/cna\/wp-content\/uploads\/2019\/09\/facebook.png\" alt=\"\" width=\"93\" height=\"83\" \/><\/a><a href=\"https:\/\/www.instagram.com\/missiontoelsalvador\/\" target=\"_blank\" rel=\"noopener\">\u00a0 \u00a0\u00a0<\/a><\/td>\n<\/tr>\n<\/tbody>\n<\/table>\n<\/div><\/div><\/div><\/div><div id=\"pg-2660-4\"  class=\"panel-grid panel-no-style\" ><div id=\"pgc-2660-4-0\"  class=\"panel-grid-cell\" ><div id=\"panel-2660-4-0-0\" class=\"so-panel widget widget_black-studio-tinymce widget_black_studio_tinymce panel-first-child panel-last-child\" data-index=\"3\" ><div class=\"textwidget\"><p style=\"text-align: center;\"><a href=\"https:\/\/www.seguridad.gob.sv\/cna\/wp-content\/uploads\/2020\/06\/escapa-por-tu-vida-1.jpg\"><img class=\"alignnone size-full wp-image-2656\" src=\"https:\/\/www.seguridad.gob.sv\/cna\/wp-content\/uploads\/2020\/06\/escapa-por-tu-vida-1.jpg\" alt=\"\" width=\"960\" height=\"522\" \/><\/a><\/p>\n<\/div><\/div><\/div><div id=\"pgc-2660-4-1\"  class=\"panel-grid-cell\" ><div id=\"panel-2660-4-1-0\" class=\"so-panel widget widget_black-studio-tinymce widget_black_studio_tinymce panel-first-child panel-last-child\" data-index=\"4\" ><div class=\"textwidget\"><p style=\"text-align: center;\"><a href=\"https:\/\/www.seguridad.gob.sv\/cna\/wp-content\/uploads\/2020\/06\/escapa-por-tu-vida-2.jpg\"><img class=\"alignnone size-full wp-image-2657\" src=\"https:\/\/www.seguridad.gob.sv\/cna\/wp-content\/uploads\/2020\/06\/escapa-por-tu-vida-2.jpg\" alt=\"\" width=\"960\" height=\"522\" \/><\/a><\/p>\n<\/div><\/div><\/div><div id=\"pgc-2660-4-2\"  class=\"panel-grid-cell\" ><div id=\"panel-2660-4-2-0\" class=\"so-panel widget widget_black-studio-tinymce widget_black_studio_tinymce panel-first-child panel-last-child\" data-index=\"5\" ><div class=\"textwidget\"><p><a href=\"https:\/\/www.seguridad.gob.sv\/cna\/wp-content\/uploads\/2020\/06\/escapa-por-tu-vida-3.jpg\"><img class=\"size-full wp-image-2658 aligncenter\" src=\"https:\/\/www.seguridad.gob.sv\/cna\/wp-content\/uploads\/2020\/06\/escapa-por-tu-vida-3.jpg\" alt=\"\" width=\"960\" height=\"522\" \/><\/a><\/p>\n<\/div><\/div><\/div><\/div><div id=\"pg-2660-5\"  class=\"panel-grid panel-no-style\" ><div id=\"pgc-2660-5-0\"  class=\"panel-grid-cell\" ><div id=\"panel-2660-5-0-0\" class=\"so-panel widget widget_black-studio-tinymce widget_black_studio_tinymce panel-first-child panel-last-child\" data-index=\"6\" ><div class=\"textwidget\"><p><a href=\"https:\/\/www.seguridad.gob.sv\/cna\/wp-content\/uploads\/2020\/07\/Denuncias-scaled.jpg\"><img class=\"size-full wp-image-2838 aligncenter\" src=\"https:\/\/www.seguridad.gob.sv\/cna\/wp-content\/uploads\/2020\/07\/Denuncias-scaled.jpg\" alt=\"\" width=\"2560\" height=\"240\" \/><\/a><\/p>\n<\/div><\/div><\/div><\/div><\/div>","protected":false},"excerpt":{"rendered":"<p>La Asociaci\u00f3n Escapa por tu Vida nace con el objetivo de ayudar a la sociedad salvadore\u00f1a como una alternativa ante el flagelo del alcoholismo y las drogas, que da como resultado delincuencia, orfandad, desintegraci\u00f3n&#46;&#46;&#46;<\/p>\n","protected":false},"author":1,"featured_media":0,"parent":0,"menu_order":0,"comment_status":"closed","ping_status":"closed","template":"","meta":[],"_links":{"self":[{"href":"https:\/\/www.seguridad.gob.sv\/cna\/index.php?rest_route=\/wp\/v2\/pages\/2660"}],"collection":[{"href":"https:\/\/www.seguridad.gob.sv\/cna\/index.php?rest_route=\/wp\/v2\/pages"}],"about":[{"href":"https:\/\/www.seguridad.gob.sv\/cna\/index.php?rest_route=\/wp\/v2\/types\/page"}],"author":[{"embeddable":true,"href":"https:\/\/www.seguridad.gob.sv\/cna\/index.php?rest_route=\/wp\/v2\/users\/1"}],"replies":[{"embeddable":true,"href":"https:\/\/www.seguridad.gob.sv\/cna\/index.php?rest_route=%2Fwp%2Fv2%2Fcomments&post=2660"}],"version-history":[{"count":19,"href":"https:\/\/www.seguridad.gob.sv\/cna\/index.php?rest_route=\/wp\/v2\/pages\/2660\/revisions"}],"predecessor-version":[{"id":5852,"href":"https:\/\/www.seguridad.gob.sv\/cna\/index.php?rest_route=\/wp\/v2\/pages\/2660\/revisions\/5852"}],"wp:attachment":[{"href":"https:\/\/www.seguridad.gob.sv\/cna\/index.php?rest_route=%2Fwp%2Fv2%2Fmedia&parent=2660"}],"curies":[{"name":"wp","href":"https:\/\/api.w.org\/{rel}","templated":true}]}}