{"id":3140,"date":"2020-12-18T15:46:30","date_gmt":"2020-12-18T15:46:30","guid":{"rendered":"https:\/\/www.seguridad.gob.sv\/cna\/?page_id=3140"},"modified":"2020-12-18T15:51:04","modified_gmt":"2020-12-18T15:51:04","slug":"area-de-prevencion","status":"publish","type":"page","link":"https:\/\/www.seguridad.gob.sv\/cna\/?page_id=3140","title":{"rendered":"\u00c1rea de Prevenci\u00f3n"},"content":{"rendered":"<div id=\"pl-3140\"  class=\"panel-layout\" ><div id=\"pg-3140-0\"  class=\"panel-grid panel-no-style\" ><div id=\"pgc-3140-0-0\"  class=\"panel-grid-cell\" ><div id=\"panel-3140-0-0-0\" class=\"so-panel widget widget_black-studio-tinymce widget_black_studio_tinymce panel-first-child panel-last-child\" data-index=\"0\" ><div class=\"textwidget\"><p style=\"text-align: justify;\"><span style=\"font-size: 14pt;\">El pa\u00eds realiza esfuerzos de prevenci\u00f3n en concordancia con el objetivo de la Oficina de las Naciones Unidas contra la Droga y el Delito (UNODC), de ayudar a las personas a evitar o retrasar el inicio del uso de drogas. Constituye una acci\u00f3n anticipada y est\u00e1 orientada a evitar el da\u00f1o que genera el consumo de drogas. La prevenci\u00f3n eficaz de drogas tiene lugar en los diferentes \u00e1mbitos donde transcurre la vida de las personas como su familia, escuela, lugar de trabajo y comunidad. Ambas clasificaciones se utilizan en la actualidad y no son necesariamente excluyentes entre s\u00ed.<\/span><\/p>\n<p style=\"text-align: justify;\"><span style=\"font-size: 14pt;\">La prevenci\u00f3n universal es aquella estrategia que desarrolla acciones dirigidas de manera general a toda la poblaci\u00f3n independientemente del nivel de riesgo a que est\u00e1 sometida. As\u00ed se pueden entender aquellas acciones de prevenci\u00f3n orientadas a los j\u00f3venes escolares, que tienen por objetivo fortalecer sus factores protectores en t\u00e9rminos generales. La prevenci\u00f3n selectiva es una estrategia preventiva cuyas acciones van dirigidas a un segmento de poblaci\u00f3n concreto que, por caracter\u00edsticas personales, del entorno social, familiar, socio-cultural y de relaci\u00f3n, se hallan expuestos a diversos factores de riesgo capaces de generar problemas relacionados con las drogas. En cambio, la prevenci\u00f3n indicada es una estrategia preventiva dirigida principalmente a menores de edad en riesgo, que ya est\u00e1n haciendo consumos sistem\u00e1ticos de drogas y con importantes trastornos de conducta y autocontrol, adem\u00e1s de d\u00e9ficit adaptativos potenciados por su consumo problem\u00e1tico.<\/span><\/p>\n<p style=\"text-align: justify;\"><span style=\"font-size: 14pt;\">Desde la coordinaci\u00f3n de prevenci\u00f3n se trabaja desde las siguientes unidades de competencia:<\/span><\/p>\n<ul style=\"text-align: justify;\">\n<li><span style=\"font-size: 14pt;\">Garantizar la implementaci\u00f3n de programas y proyectos para prevenir el uso, abuso y consumo de sustancias psicoactivas a nivel nacional, con el prop\u00f3sito de asegurar el cumplimiento del mandato de la Estrategia Nacional Antidrogas.<\/span><\/li>\n<li><span style=\"font-size: 14pt;\">Elaborar t\u00e9rminos de referencia para la contrataci\u00f3n de consultor\u00edas con el fin de implementar programas y proyectos vinculados al tema de prevenci\u00f3n.<\/span><\/li>\n<li><span style=\"font-size: 14pt;\">Desarrollar procesos de capacitaci\u00f3n y certificaci\u00f3n dirigidos a personal profesional y no profesional que presta servicios de atenci\u00f3n a personas consumidoras de drogas tanto en establecimientos especializados como no especializados.<\/span><\/li>\n<li><span style=\"font-size: 14pt;\">Coordinar la mesa de prevenci\u00f3n para la creaci\u00f3n de un inventario de programas en temas de prevenci\u00f3n, con el fin de maximizar esfuerzos y recursos.<\/span><\/li>\n<\/ul>\n<p style=\"text-align: justify;\">\n<p><span style=\"font-size: 14pt;\"><strong>Marco legal desde la prevenci\u00f3n<\/strong><\/span><\/p>\n<p style=\"text-align: justify;\"><span style=\"font-size: 14pt;\">Se rige bajo la normativa legal y administrativa vigente y aplicable al cumplimiento de las responsabilidades claves del puesto, tales como: leyes, decretos, reglamentos, acuerdos, normas t\u00e9cnicas, lineamientos, manuales, entre otros.<\/span><\/p>\n<p style=\"text-align: justify;\"><span style=\"font-size: 14pt;\">Sivar Sano es una propuesta que se convertir\u00e1 en una plataforma digital y medi\u00e1tica, donde se alojar\u00e1n programas de prevenci\u00f3n de consumo de drogas y riesgos asociados; la plataforma est\u00e1 pensada para la conformaci\u00f3n de nuestra comunidad de j\u00f3venes en redes sociales.<\/span><\/p>\n<p style=\"text-align: justify;\"><span style=\"font-size: 14pt;\">Dicha propuesta busca posicionarse como una marca generada desde el seno de la Direcci\u00f3n Ejecutiva de la Comisi\u00f3n Nacional Antidrogas.<\/span><\/p>\n<\/div><\/div><\/div><\/div><\/div>","protected":false},"excerpt":{"rendered":"<p>El pa\u00eds realiza esfuerzos de prevenci\u00f3n en concordancia con el objetivo de la Oficina de las Naciones Unidas contra la Droga y el Delito (UNODC), de ayudar a las personas a evitar o retrasar&#46;&#46;&#46;<\/p>\n","protected":false},"author":1,"featured_media":0,"parent":0,"menu_order":0,"comment_status":"closed","ping_status":"closed","template":"","meta":[],"_links":{"self":[{"href":"https:\/\/www.seguridad.gob.sv\/cna\/index.php?rest_route=\/wp\/v2\/pages\/3140"}],"collection":[{"href":"https:\/\/www.seguridad.gob.sv\/cna\/index.php?rest_route=\/wp\/v2\/pages"}],"about":[{"href":"https:\/\/www.seguridad.gob.sv\/cna\/index.php?rest_route=\/wp\/v2\/types\/page"}],"author":[{"embeddable":true,"href":"https:\/\/www.seguridad.gob.sv\/cna\/index.php?rest_route=\/wp\/v2\/users\/1"}],"replies":[{"embeddable":true,"href":"https:\/\/www.seguridad.gob.sv\/cna\/index.php?rest_route=%2Fwp%2Fv2%2Fcomments&post=3140"}],"version-history":[{"count":1,"href":"https:\/\/www.seguridad.gob.sv\/cna\/index.php?rest_route=\/wp\/v2\/pages\/3140\/revisions"}],"predecessor-version":[{"id":3141,"href":"https:\/\/www.seguridad.gob.sv\/cna\/index.php?rest_route=\/wp\/v2\/pages\/3140\/revisions\/3141"}],"wp:attachment":[{"href":"https:\/\/www.seguridad.gob.sv\/cna\/index.php?rest_route=%2Fwp%2Fv2%2Fmedia&parent=3140"}],"curies":[{"name":"wp","href":"https:\/\/api.w.org\/{rel}","templated":true}]}}