{"id":3337,"date":"2021-10-11T14:19:26","date_gmt":"2021-10-11T14:19:26","guid":{"rendered":"https:\/\/www.seguridad.gob.sv\/cna\/?page_id=3337"},"modified":"2024-08-28T15:33:28","modified_gmt":"2024-08-28T15:33:28","slug":"asociacion-el-hogar-para-el-alcoholico","status":"publish","type":"page","link":"https:\/\/www.seguridad.gob.sv\/cna\/?page_id=3337","title":{"rendered":"Asociaci\u00f3n El Hogar Para El Alcoh\u00f3lico"},"content":{"rendered":"<div id=\"pl-3337\"  class=\"panel-layout\" ><div id=\"pg-3337-0\"  class=\"panel-grid panel-no-style\" ><div id=\"pgc-3337-0-0\"  class=\"panel-grid-cell panel-grid-cell-empty\" ><\/div><div id=\"pgc-3337-0-1\"  class=\"panel-grid-cell panel-grid-cell-mobile-last\" ><div id=\"panel-3337-0-1-0\" class=\"so-panel widget widget_media_image panel-first-child panel-last-child\" data-index=\"0\" ><img width=\"800\" height=\"336\" src=\"https:\/\/www.seguridad.gob.sv\/cna\/wp-content\/uploads\/2024\/08\/Hogar-para-el-Alcoholico-y-Sello-1024x430.png\" class=\"image wp-image-5861  attachment-800x336 size-800x336\" alt=\"\" decoding=\"async\" loading=\"lazy\" style=\"max-width: 100%; height: auto;\" srcset=\"https:\/\/www.seguridad.gob.sv\/cna\/wp-content\/uploads\/2024\/08\/Hogar-para-el-Alcoholico-y-Sello-1024x430.png 1024w, https:\/\/www.seguridad.gob.sv\/cna\/wp-content\/uploads\/2024\/08\/Hogar-para-el-Alcoholico-y-Sello-300x126.png 300w, https:\/\/www.seguridad.gob.sv\/cna\/wp-content\/uploads\/2024\/08\/Hogar-para-el-Alcoholico-y-Sello-768x323.png 768w, https:\/\/www.seguridad.gob.sv\/cna\/wp-content\/uploads\/2024\/08\/Hogar-para-el-Alcoholico-y-Sello-1536x646.png 1536w, https:\/\/www.seguridad.gob.sv\/cna\/wp-content\/uploads\/2024\/08\/Hogar-para-el-Alcoholico-y-Sello-2048x861.png 2048w\" sizes=\"(max-width: 800px) 100vw, 800px\" \/><\/div><\/div><div id=\"pgc-3337-0-2\"  class=\"panel-grid-cell panel-grid-cell-empty\" ><\/div><\/div><div id=\"pg-3337-1\"  class=\"panel-grid panel-no-style\" ><div id=\"pgc-3337-1-0\"  class=\"panel-grid-cell panel-grid-cell-empty\" ><\/div><\/div><div id=\"pg-3337-2\"  class=\"panel-grid panel-no-style\" ><div id=\"pgc-3337-2-0\"  class=\"panel-grid-cell\" ><div id=\"panel-3337-2-0-0\" class=\"so-panel widget widget_black-studio-tinymce widget_black_studio_tinymce panel-first-child panel-last-child\" data-index=\"1\" ><div class=\"textwidget\"><p style=\"text-align: justify;\"><span style=\"font-size: 14pt;\"><strong>La Asociaci\u00f3n El Hogar para El Alcoh\u00f3lico<\/strong> nace el 17 de octubre de 1981 y obtiene su personer\u00eda jur\u00eddica en julio de 1987 como una entidad de servicios, apol\u00edtica, no lucrativa, ni religiosa; con el objetivo primordial de proporcionar a las personas enfermas alcoh\u00f3licas, los servicios que sean necesario para su recuperaci\u00f3n personal, bajo el lema \u201cUnidos con un solo fin\u201d.<\/span><\/p>\n<p style=\"text-align: justify;\"><span style=\"font-size: 14pt;\">Somos una instituci\u00f3n con m\u00e1s de 41 a\u00f1os de existencia, trabajando en labor de la recuperaci\u00f3n del enfermo alcoh\u00f3lico, con el pasar de los a\u00f1os y ante la necesidad de las personas con problema de consumo a drogas ilegales, ampliamos nuestro servicio atendiendo a la poblaci\u00f3n masculina con la enfermedad de alcoholismo y\/o drogadicci\u00f3n.<\/span><\/p>\n<p style=\"text-align: justify;\"><span style=\"font-size: 14pt;\">El Hogar para El Alcoh\u00f3lico ofrece el servicio de internamiento y desintoxicaci\u00f3n. En el cual incluye estad\u00eda, alimentaci\u00f3n, consulta m\u00e9dica, medicamentos para la desintoxicaci\u00f3n, cuidados de enfermer\u00eda las 24 horas, dos terapias grupales al d\u00eda y una sesi\u00f3n de Alcoh\u00f3licos An\u00f3nimos en la noche.<\/span><\/p>\n<p style=\"text-align: justify;\"><span style=\"font-size: 14pt;\">Para nuestra instituci\u00f3n es un placer poder brindarle atenci\u00f3n de calidad, bajo los criterios del Ministerio de Salud y siendo cumplidores de buenas pr\u00e1cticas, en los servicios ofertados.<\/span><\/p>\n<\/div><\/div><\/div><\/div><div id=\"pg-3337-3\"  class=\"panel-grid panel-no-style\" ><div id=\"pgc-3337-3-0\"  class=\"panel-grid-cell\" ><div id=\"panel-3337-3-0-0\" class=\"so-panel widget widget_black-studio-tinymce widget_black_studio_tinymce panel-first-child panel-last-child\" data-index=\"2\" ><div class=\"textwidget\"><table class=\" aligncenter\" style=\"height: 467px; width: 62.4378%; border-collapse: collapse; border-style: solid; border-color: #89888c;\">\n<tbody>\n<tr style=\"height: 24px;\">\n<td style=\"width: 42.9114%; height: 24px; text-align: left;\"><span style=\"color: #000000;\"><strong><span style=\"font-family: 'times new roman', times, serif; font-size: 14pt;\">Nombre del Director:<\/span><\/strong><\/span><\/td>\n<td style=\"width: 56.7089%; text-align: left; height: 24px;\"><span style=\"font-size: 14pt;\">William Antonio Hernandez Serpas<\/span><\/td>\n<\/tr>\n<tr>\n<td style=\"width: 42.9114%; text-align: left;\"><span style=\"font-family: 'times new roman', times, serif; font-size: 14pt; color: #000000;\"><strong>Ubicaci\u00f3n:<\/strong><\/span><\/td>\n<td style=\"width: 56.7089%; text-align: left;\"><span style=\"font-size: 14pt;\">San Salvador<\/span><\/td>\n<\/tr>\n<tr>\n<td style=\"width: 42.9114%; text-align: left;\"><span style=\"font-family: 'times new roman', times, serif; font-size: 14pt; color: #000000;\"><strong>Tipo de organizaci\u00f3n:<\/strong><\/span><\/td>\n<td style=\"width: 56.7089%; text-align: left;\"><span style=\"font-size: 14pt;\">ONG<\/span><\/td>\n<\/tr>\n<tr>\n<td style=\"width: 42.9114%; text-align: left;\"><span style=\"font-family: 'times new roman', times, serif; font-size: 14pt; color: #000000;\"><strong>Tipo de intervenci\u00f3n:<\/strong><\/span><\/td>\n<td style=\"width: 56.7089%; text-align: left;\"><span style=\"font-size: 14pt;\">Desintoxicaci\u00f3n Residencial<\/span><\/td>\n<\/tr>\n<tr>\n<td style=\"width: 42.9114%; text-align: left;\"><span style=\"font-family: 'times new roman', times, serif; font-size: 14pt; color: #000000;\"><strong>Capacidad Maxima:<\/strong><\/span><\/td>\n<td style=\"width: 56.7089%; text-align: left;\"><span style=\"font-size: 14pt;\">23 Personas<\/span><\/td>\n<\/tr>\n<tr>\n<td style=\"width: 42.9114%; text-align: left;\"><span style=\"font-family: 'times new roman', times, serif; font-size: 14pt; color: #000000;\"><strong>Poblaci\u00f3n a la que est\u00e1n dirigidas las intervenciones:<\/strong><\/span><\/td>\n<td style=\"width: 56.7089%; text-align: left;\"><span style=\"font-size: 14pt;\">Adultos, hombres consumidores de alcohol y otras drogas<\/span><\/td>\n<\/tr>\n<tr>\n<td style=\"width: 42.9114%; text-align: left;\"><span style=\"font-family: 'times new roman', times, serif; font-size: 14pt; color: #000000;\"><strong><span style=\"font-family: 'times new roman', times, serif;\">Tel\u00e9fono de contacto:<\/span><\/strong><\/span><\/td>\n<td style=\"width: 56.7089%; text-align: left;\"><span style=\"font-size: 14pt;\">2221-1186,\u00a0 7127-1977 (WhatsApp)<\/span><\/td>\n<\/tr>\n<tr style=\"height: 65px;\">\n<td style=\"width: 42.9114%; text-align: left; height: 65px;\"><span style=\"font-family: 'times new roman', times, serif; color: #000000; font-size: 14pt;\"><strong> Correo electr\u00f3nico:<\/strong><\/span><\/td>\n<td style=\"width: 56.7089%; height: 65px;\">\n<p style=\"text-align: left;\"><span style=\"font-size: 14pt;\"><a href=\"mailto:hogardelalcoholico@gmail.com\"><u>hogardelalcoholico@gmail.com<\/u><\/a><\/span><\/p>\n<\/td>\n<\/tr>\n<tr>\n<td style=\"width: 42.9114%; text-align: left;\"><span style=\"font-family: 'times new roman', times, serif; color: #000000; font-size: 14pt;\"><strong>Redes Sociales:<\/strong><\/span><\/td>\n<td style=\"width: 56.7089%;\"><a href=\"https:\/\/www.facebook.com\/hogardelalcoholico.asociacion\" target=\"_blank\" rel=\"noopener\"><img class=\"alignleft wp-image-1945\" src=\"https:\/\/www.seguridad.gob.sv\/cna\/wp-content\/uploads\/2019\/09\/facebook.png\" alt=\"\" width=\"93\" height=\"83\" \/><\/a><\/td>\n<\/tr>\n<tr>\n<td style=\"width: 42.9114%; text-align: left;\"><\/td>\n<td style=\"width: 56.7089%;\"><\/td>\n<\/tr>\n<\/tbody>\n<\/table>\n<p>&nbsp;<\/p>\n<\/div><\/div><\/div><\/div><div id=\"pg-3337-4\"  class=\"panel-grid panel-no-style\" ><div id=\"pgc-3337-4-0\"  class=\"panel-grid-cell\" ><div id=\"panel-3337-4-0-0\" class=\"so-panel widget widget_black-studio-tinymce widget_black_studio_tinymce panel-first-child panel-last-child\" data-index=\"3\" ><div class=\"textwidget\"><p><a href=\"https:\/\/www.seguridad.gob.sv\/cna\/wp-content\/uploads\/2022\/12\/Casa-de-Alcoholico_2.jpg\" target=\"_blank\" rel=\"noopener\"><img class=\"alignnone wp-image-4029 size-medium\" src=\"https:\/\/www.seguridad.gob.sv\/cna\/wp-content\/uploads\/2022\/12\/Casa-de-Alcoholico_2-225x300.jpg\" alt=\"\" width=\"306\" height=\"412\" \/><\/a><\/p>\n<\/div><\/div><\/div><div id=\"pgc-3337-4-1\"  class=\"panel-grid-cell\" ><div id=\"panel-3337-4-1-0\" class=\"so-panel widget widget_black-studio-tinymce widget_black_studio_tinymce panel-first-child panel-last-child\" data-index=\"4\" ><div class=\"textwidget\"><p><a href=\"https:\/\/www.seguridad.gob.sv\/cna\/wp-content\/uploads\/2021\/10\/241691705_584335852696063_7737507272214170705_n.jpg\" target=\"_blank\" rel=\"noopener\"><img class=\"alignnone wp-image-3403\" src=\"https:\/\/www.seguridad.gob.sv\/cna\/wp-content\/uploads\/2021\/10\/241691705_584335852696063_7737507272214170705_n-223x300.jpg\" alt=\"\" width=\"306\" height=\"412\" \/><\/a><\/p>\n<\/div><\/div><\/div><div id=\"pgc-3337-4-2\"  class=\"panel-grid-cell\" ><div id=\"panel-3337-4-2-0\" class=\"so-panel widget widget_black-studio-tinymce widget_black_studio_tinymce panel-first-child panel-last-child\" data-index=\"5\" ><div class=\"textwidget\"><p><a href=\"https:\/\/www.seguridad.gob.sv\/cna\/wp-content\/uploads\/2022\/12\/Casa-de-Alcoholico.jpg\" target=\"_blank\" rel=\"noopener\"><img class=\"alignnone wp-image-4030 size-medium\" src=\"https:\/\/www.seguridad.gob.sv\/cna\/wp-content\/uploads\/2022\/12\/Casa-de-Alcoholico-223x300.jpg\" alt=\"\" width=\"306\" height=\"412\" \/><\/a><\/p>\n<\/div><\/div><\/div><\/div><\/div>","protected":false},"excerpt":{"rendered":"<p>La Asociaci\u00f3n El Hogar para El Alcoh\u00f3lico nace el 17 de octubre de 1981 y obtiene su personer\u00eda jur\u00eddica en julio de 1987 como una entidad de servicios, apol\u00edtica, no lucrativa, ni religiosa; con&#46;&#46;&#46;<\/p>\n","protected":false},"author":1,"featured_media":0,"parent":0,"menu_order":0,"comment_status":"closed","ping_status":"closed","template":"","meta":[],"_links":{"self":[{"href":"https:\/\/www.seguridad.gob.sv\/cna\/index.php?rest_route=\/wp\/v2\/pages\/3337"}],"collection":[{"href":"https:\/\/www.seguridad.gob.sv\/cna\/index.php?rest_route=\/wp\/v2\/pages"}],"about":[{"href":"https:\/\/www.seguridad.gob.sv\/cna\/index.php?rest_route=\/wp\/v2\/types\/page"}],"author":[{"embeddable":true,"href":"https:\/\/www.seguridad.gob.sv\/cna\/index.php?rest_route=\/wp\/v2\/users\/1"}],"replies":[{"embeddable":true,"href":"https:\/\/www.seguridad.gob.sv\/cna\/index.php?rest_route=%2Fwp%2Fv2%2Fcomments&post=3337"}],"version-history":[{"count":60,"href":"https:\/\/www.seguridad.gob.sv\/cna\/index.php?rest_route=\/wp\/v2\/pages\/3337\/revisions"}],"predecessor-version":[{"id":5863,"href":"https:\/\/www.seguridad.gob.sv\/cna\/index.php?rest_route=\/wp\/v2\/pages\/3337\/revisions\/5863"}],"wp:attachment":[{"href":"https:\/\/www.seguridad.gob.sv\/cna\/index.php?rest_route=%2Fwp%2Fv2%2Fmedia&parent=3337"}],"curies":[{"name":"wp","href":"https:\/\/api.w.org\/{rel}","templated":true}]}}