{"id":636,"date":"2017-08-30T17:03:52","date_gmt":"2017-08-30T17:03:52","guid":{"rendered":"http:\/\/www.seguridad.gob.sv\/dia\/?page_id=636"},"modified":"2021-06-25T15:28:23","modified_gmt":"2021-06-25T15:28:23","slug":"actas-de-la-mesa-de-homologacion-de-las-muertes-violentas","status":"publish","type":"page","link":"https:\/\/www.seguridad.gob.sv\/dia\/estadisticas-homologadas\/actas-de-la-mesa-de-homologacion-de-las-muertes-violentas\/","title":{"rendered":"Actas de la mesa de homologaci\u00f3n de las muertes violentas"},"content":{"rendered":"<div id=\"pl-636\"  class=\"panel-layout\" ><div id=\"pg-636-0\"  class=\"panel-grid panel-no-style\" ><div id=\"pgc-636-0-0\"  class=\"panel-grid-cell\" ><div id=\"panel-636-0-0-0\" class=\"so-panel widget widget_sow-editor panel-first-child panel-last-child\" data-index=\"0\" ><div class=\"so-widget-sow-editor so-widget-sow-editor-base\">\n<div class=\"siteorigin-widget-tinymce textwidget\">\n\t<p style=\"text-align: justify;\">La Mesa T\u00e9cnica Interinstitucional para la Conciliaci\u00f3n de Cifras de V\u00edctimas de Homicidios y Feminicidios se re\u00fane en la segunda quincena de cada mes para comparar las estad\u00edsticas institucionales del mes inmediato anterior, as\u00ed como para actualizar cambios que hayan ocurrido en los datos de meses previos. En el mes de enero de cada a\u00f1o, se consolida la estad\u00edstica correspondiente al a\u00f1o previo.<\/p>\n<\/div>\n<\/div><\/div><\/div><\/div><div id=\"pg-636-1\"  class=\"panel-grid panel-no-style\" ><div id=\"pgc-636-1-0\"  class=\"panel-grid-cell\" >        <div id=\"panel-636-1-0-0\" class=\"so-panel widget widget_wpdm_listpackages panel-first-child panel-last-child\" data-index=\"1\" >        <div class='w3eden'><!-- WPDM Link Template: Default Template ( Old ) -->\n\n\n<div class=\"wpdm-link-template link-template-default\" >\n\n    <div class=\"media\">\n        <div class=\"mr-3\"><img class=\"wpdm_icon\" alt=\"Icono\"   src=\"https:\/\/www.seguridad.gob.sv\/dia\/wp-content\/plugins\/download-manager\/assets\/file-type-icons\/pdf.svg\" \/><\/div>\n        <div class=\"media-body\">\n            <div>\n                <strong class=\"package-title\">Acta Homologada Homicidios y Feminicidios febrero 2022<\/strong> | 503.84 KB\n            <\/div>\n            <a class='wpdm-download-link download-on-click btn btn-primary btn-xs' rel='nofollow' href='#' data-downloadurl=\"https:\/\/www.seguridad.gob.sv\/dia\/download\/acta-homologada-homicidios-y-feminicidios-febrero-2022\/?wpdmdl=2903&refresh=69e1e4df142ff1776411871\">Descargar<\/a>\n        <\/div>\n\n    <\/div>\n    <div style=\"clear: both\"><\/div>\n<\/div>\n<div style=\"clear: both\"><\/div>\n\n<!-- WPDM Link Template: Default Template ( Old ) -->\n\n\n<div class=\"wpdm-link-template link-template-default\" >\n\n    <div class=\"media\">\n        <div class=\"mr-3\"><img class=\"wpdm_icon\" alt=\"Icono\"   src=\"https:\/\/www.seguridad.gob.sv\/dia\/wp-content\/plugins\/download-manager\/assets\/file-type-icons\/pdf.svg\" \/><\/div>\n        <div class=\"media-body\">\n            <div>\n                <strong class=\"package-title\">Acta Homologada Homicidios y Feminicidios enero 2022<\/strong> | 502.55 KB\n            <\/div>\n            <a class='wpdm-download-link download-on-click btn btn-primary btn-xs' rel='nofollow' href='#' data-downloadurl=\"https:\/\/www.seguridad.gob.sv\/dia\/download\/acta-homologada-homicidios-y-feminicidios-enero-2022\/?wpdmdl=2901&refresh=69e1e4df14ff61776411871\">Descargar<\/a>\n        <\/div>\n\n    <\/div>\n    <div style=\"clear: both\"><\/div>\n<\/div>\n<div style=\"clear: both\"><\/div>\n\n<!-- WPDM Link Template: Default Template ( Old ) -->\n\n\n<div class=\"wpdm-link-template link-template-default\" >\n\n    <div class=\"media\">\n        <div class=\"mr-3\"><img class=\"wpdm_icon\" alt=\"Icono\" src=\"https:\/\/www.seguridad.gob.sv\/dia\/wp-content\/plugins\/download-manager\/assets\/file-type-icons\/pdf.svg\" onError='this.src=\"https:\/\/www.seguridad.gob.sv\/dia\/wp-content\/plugins\/download-manager\/assets\/file-type-icons\/unknown.svg\";' \/><\/div>\n        <div class=\"media-body\">\n            <div>\n                <strong class=\"package-title\">Acta Anual Homologada Homicidios y Feminicidios 2021<\/strong> | 515.97 KB\n            <\/div>\n            <a class='wpdm-download-link download-on-click btn btn-primary btn-xs' rel='nofollow' href='#' data-downloadurl=\"https:\/\/www.seguridad.gob.sv\/dia\/download\/acta-homologada-homicidios-y-feminicidios-2021\/?wpdmdl=2873&refresh=69e1e4df1560e1776411871\">Descargar<\/a>\n        <\/div>\n\n    <\/div>\n    <div style=\"clear: both\"><\/div>\n<\/div>\n<div style=\"clear: both\"><\/div>\n\n<!-- WPDM Link Template: Default Template ( Old ) -->\n\n\n<div class=\"wpdm-link-template link-template-default\" >\n\n    <div class=\"media\">\n        <div class=\"mr-3\"><img class=\"wpdm_icon\" alt=\"Icono\"   src=\"https:\/\/www.seguridad.gob.sv\/dia\/wp-content\/plugins\/download-manager\/assets\/file-type-icons\/pdf.svg\" \/><\/div>\n        <div class=\"media-body\">\n            <div>\n                <strong class=\"package-title\">Acta Homologada Homicidios y Feminicidios diciembre 2021<\/strong> | 686.62 KB\n            <\/div>\n            <a class='wpdm-download-link download-on-click btn btn-primary btn-xs' rel='nofollow' href='#' data-downloadurl=\"https:\/\/www.seguridad.gob.sv\/dia\/download\/acta-homologada-homicidios-y-feminicidios-diciembre-2021\/?wpdmdl=2898&refresh=69e1e4df15c0b1776411871\">Descargar<\/a>\n        <\/div>\n\n    <\/div>\n    <div style=\"clear: both\"><\/div>\n<\/div>\n<div style=\"clear: both\"><\/div>\n\n<!-- WPDM Link Template: Default Template ( Old ) -->\n\n\n<div class=\"wpdm-link-template link-template-default\" >\n\n    <div class=\"media\">\n        <div class=\"mr-3\"><img class=\"wpdm_icon\" alt=\"Icono\"   src=\"https:\/\/www.seguridad.gob.sv\/dia\/wp-content\/plugins\/download-manager\/assets\/file-type-icons\/pdf.svg\" \/><\/div>\n        <div class=\"media-body\">\n            <div>\n                <strong class=\"package-title\">Acta Homologada Homicidios y Feminicidios noviembre 2021<\/strong> | 692.35 KB\n            <\/div>\n            <a class='wpdm-download-link download-on-click btn btn-primary btn-xs' rel='nofollow' href='#' data-downloadurl=\"https:\/\/www.seguridad.gob.sv\/dia\/download\/acta-homologada-homicidios-y-feminicidios-noviembre-2021\/?wpdmdl=2896&refresh=69e1e4df161b71776411871\">Descargar<\/a>\n        <\/div>\n\n    <\/div>\n    <div style=\"clear: both\"><\/div>\n<\/div>\n<div style=\"clear: both\"><\/div>\n\n<!-- WPDM Link Template: Default Template ( Old ) -->\n\n\n<div class=\"wpdm-link-template link-template-default\" >\n\n    <div class=\"media\">\n        <div class=\"mr-3\"><img class=\"wpdm_icon\" alt=\"Icono\"   src=\"https:\/\/www.seguridad.gob.sv\/dia\/wp-content\/plugins\/download-manager\/assets\/file-type-icons\/pdf.svg\" \/><\/div>\n        <div class=\"media-body\">\n            <div>\n                <strong class=\"package-title\">Acta Homologada Homicidios y Feminicidios octubre 2021<\/strong> | 689.30 KB\n            <\/div>\n            <a class='wpdm-download-link download-on-click btn btn-primary btn-xs' rel='nofollow' href='#' data-downloadurl=\"https:\/\/www.seguridad.gob.sv\/dia\/download\/acta-homologada-homicidios-y-feminicidios-octubre-2021\/?wpdmdl=2894&refresh=69e1e4df167791776411871\">Descargar<\/a>\n        <\/div>\n\n    <\/div>\n    <div style=\"clear: both\"><\/div>\n<\/div>\n<div style=\"clear: both\"><\/div>\n\n<!-- WPDM Link Template: Default Template ( Old ) -->\n\n\n<div class=\"wpdm-link-template link-template-default\" >\n\n    <div class=\"media\">\n        <div class=\"mr-3\"><img class=\"wpdm_icon\" alt=\"Icono\"   src=\"https:\/\/www.seguridad.gob.sv\/dia\/wp-content\/plugins\/download-manager\/assets\/file-type-icons\/pdf.svg\" \/><\/div>\n        <div class=\"media-body\">\n            <div>\n                <strong class=\"package-title\">Acta Homologada Homicidios y Feminicidios septiembre 2021<\/strong> | 686.03 KB\n            <\/div>\n            <a class='wpdm-download-link download-on-click btn btn-primary btn-xs' rel='nofollow' href='#' data-downloadurl=\"https:\/\/www.seguridad.gob.sv\/dia\/download\/acta-homologada-homicidios-y-feminicidios-septiembre-2021\/?wpdmdl=2890&refresh=69e1e4df16c081776411871\">Descargar<\/a>\n        <\/div>\n\n    <\/div>\n    <div style=\"clear: both\"><\/div>\n<\/div>\n<div style=\"clear: both\"><\/div>\n\n<!-- WPDM Link Template: Default Template ( Old ) -->\n\n\n<div class=\"wpdm-link-template link-template-default\" >\n\n    <div class=\"media\">\n        <div class=\"mr-3\"><img class=\"wpdm_icon\" alt=\"Icono\"   src=\"https:\/\/www.seguridad.gob.sv\/dia\/wp-content\/plugins\/download-manager\/assets\/file-type-icons\/pdf.svg\" \/><\/div>\n        <div class=\"media-body\">\n            <div>\n                <strong class=\"package-title\">Acta Homologada Homicidios y Feminicidios agosto 2021<\/strong> | 684.69 KB\n            <\/div>\n            <a class='wpdm-download-link download-on-click btn btn-primary btn-xs' rel='nofollow' href='#' data-downloadurl=\"https:\/\/www.seguridad.gob.sv\/dia\/download\/acta-homologada-homicidios-y-feminicidios-agosto-2021\/?wpdmdl=2888&refresh=69e1e4df170491776411871\">Descargar<\/a>\n        <\/div>\n\n    <\/div>\n    <div style=\"clear: both\"><\/div>\n<\/div>\n<div style=\"clear: both\"><\/div>\n\n<!-- WPDM Link Template: Default Template ( Old ) -->\n\n\n<div class=\"wpdm-link-template link-template-default\" >\n\n    <div class=\"media\">\n        <div class=\"mr-3\"><img class=\"wpdm_icon\" alt=\"Icono\"   src=\"https:\/\/www.seguridad.gob.sv\/dia\/wp-content\/plugins\/download-manager\/assets\/file-type-icons\/pdf.svg\" \/><\/div>\n        <div class=\"media-body\">\n            <div>\n                <strong class=\"package-title\">Acta Homologada Homicidios y Feminicidios julio 2021<\/strong> | 692.99 KB\n            <\/div>\n            <a class='wpdm-download-link download-on-click btn btn-primary btn-xs' rel='nofollow' href='#' data-downloadurl=\"https:\/\/www.seguridad.gob.sv\/dia\/download\/acta-homologada-homicidios-y-feminicidios-julio-2021\/?wpdmdl=2892&refresh=69e1e4df1747b1776411871\">Descargar<\/a>\n        <\/div>\n\n    <\/div>\n    <div style=\"clear: both\"><\/div>\n<\/div>\n<div style=\"clear: both\"><\/div>\n\n<!-- WPDM Link Template: Default Template ( Old ) -->\n\n\n<div class=\"wpdm-link-template link-template-default\" >\n\n    <div class=\"media\">\n        <div class=\"mr-3\"><img class=\"wpdm_icon\" alt=\"Icono\"   src=\"https:\/\/www.seguridad.gob.sv\/dia\/wp-content\/plugins\/download-manager\/assets\/file-type-icons\/pdf.svg\" \/><\/div>\n        <div class=\"media-body\">\n            <div>\n                <strong class=\"package-title\">Acta Homologada Homicidios y Feminicidios junio 2021<\/strong> | 507.24 KB\n            <\/div>\n            <a class='wpdm-download-link download-on-click btn btn-primary btn-xs' rel='nofollow' href='#' data-downloadurl=\"https:\/\/www.seguridad.gob.sv\/dia\/download\/acta-homologada-homicidios-y-feminicidios-junio-2021\/?wpdmdl=2886&refresh=69e1e4df178a51776411871\">Descargar<\/a>\n        <\/div>\n\n    <\/div>\n    <div style=\"clear: both\"><\/div>\n<\/div>\n<div style=\"clear: both\"><\/div>\n\n<!-- WPDM Link Template: Default Template ( Old ) -->\n\n\n<div class=\"wpdm-link-template link-template-default\" >\n\n    <div class=\"media\">\n        <div class=\"mr-3\"><img class=\"wpdm_icon\" alt=\"Icono\"   src=\"https:\/\/www.seguridad.gob.sv\/dia\/wp-content\/plugins\/download-manager\/assets\/file-type-icons\/pdf.svg\" \/><\/div>\n        <div class=\"media-body\">\n            <div>\n                <strong class=\"package-title\">Acta Homologada Homicidios y Feminicidios mayo 2021<\/strong> | 504.50 KB\n            <\/div>\n            <a class='wpdm-download-link download-on-click btn btn-primary btn-xs' rel='nofollow' href='#' data-downloadurl=\"https:\/\/www.seguridad.gob.sv\/dia\/download\/acta-homologada-homicidios-y-feminicidios-mayo-2021\/?wpdmdl=2884&refresh=69e1e4df17cd21776411871\">Descargar<\/a>\n        <\/div>\n\n    <\/div>\n    <div style=\"clear: both\"><\/div>\n<\/div>\n<div style=\"clear: both\"><\/div>\n\n<!-- WPDM Link Template: Default Template ( Old ) -->\n\n\n<div class=\"wpdm-link-template link-template-default\" >\n\n    <div class=\"media\">\n        <div class=\"mr-3\"><img class=\"wpdm_icon\" alt=\"Icono\"   src=\"https:\/\/www.seguridad.gob.sv\/dia\/wp-content\/plugins\/download-manager\/assets\/file-type-icons\/pdf.svg\" \/><\/div>\n        <div class=\"media-body\">\n            <div>\n                <strong class=\"package-title\">Acta Homologada Homicidios y Feminicidios abril 2021<\/strong> | 507.00 KB\n            <\/div>\n            <a class='wpdm-download-link download-on-click btn btn-primary btn-xs' rel='nofollow' href='#' data-downloadurl=\"https:\/\/www.seguridad.gob.sv\/dia\/download\/acta-homologada-homicidios-y-feminicidios-abril-2021\/?wpdmdl=2882&refresh=69e1e4df181141776411871\">Descargar<\/a>\n        <\/div>\n\n    <\/div>\n    <div style=\"clear: both\"><\/div>\n<\/div>\n<div style=\"clear: both\"><\/div>\n\n<!-- WPDM Link Template: Default Template ( Old ) -->\n\n\n<div class=\"wpdm-link-template link-template-default\" >\n\n    <div class=\"media\">\n        <div class=\"mr-3\"><img class=\"wpdm_icon\" alt=\"Icono\"   src=\"https:\/\/www.seguridad.gob.sv\/dia\/wp-content\/plugins\/download-manager\/assets\/file-type-icons\/pdf.svg\" \/><\/div>\n        <div class=\"media-body\">\n            <div>\n                <strong class=\"package-title\">Acta Homologada Homicidios y Feminicidios marzo 2021<\/strong> | 504.91 KB\n            <\/div>\n            <a class='wpdm-download-link download-on-click btn btn-primary btn-xs' rel='nofollow' href='#' data-downloadurl=\"https:\/\/www.seguridad.gob.sv\/dia\/download\/acta-homologada-homicidios-y-feminicidios-marzo-2021\/?wpdmdl=2880&refresh=69e1e4df1852f1776411871\">Descargar<\/a>\n        <\/div>\n\n    <\/div>\n    <div style=\"clear: both\"><\/div>\n<\/div>\n<div style=\"clear: both\"><\/div>\n\n<!-- WPDM Link Template: Default Template ( Old ) -->\n\n\n<div class=\"wpdm-link-template link-template-default\" >\n\n    <div class=\"media\">\n        <div class=\"mr-3\"><img class=\"wpdm_icon\" alt=\"Icono\"   src=\"https:\/\/www.seguridad.gob.sv\/dia\/wp-content\/plugins\/download-manager\/assets\/file-type-icons\/pdf.svg\" \/><\/div>\n        <div class=\"media-body\">\n            <div>\n                <strong class=\"package-title\">Acta Homologada Homicidios y Feminicidios febrero 2021<\/strong> | 502.64 KB\n            <\/div>\n            <a class='wpdm-download-link download-on-click btn btn-primary btn-xs' rel='nofollow' href='#' data-downloadurl=\"https:\/\/www.seguridad.gob.sv\/dia\/download\/acta-homologada-homicidios-y-feminicidios-febrero-2021\/?wpdmdl=2878&refresh=69e1e4df189551776411871\">Descargar<\/a>\n        <\/div>\n\n    <\/div>\n    <div style=\"clear: both\"><\/div>\n<\/div>\n<div style=\"clear: both\"><\/div>\n\n<!-- WPDM Link Template: Default Template ( Old ) -->\n\n\n<div class=\"wpdm-link-template link-template-default\" >\n\n    <div class=\"media\">\n        <div class=\"mr-3\"><img class=\"wpdm_icon\" alt=\"Icono\"   src=\"https:\/\/www.seguridad.gob.sv\/dia\/wp-content\/plugins\/download-manager\/assets\/file-type-icons\/pdf.svg\" \/><\/div>\n        <div class=\"media-body\">\n            <div>\n                <strong class=\"package-title\">Acta Homologada Homicidios y Feminicidios enero 2021<\/strong> | 498.99 KB\n            <\/div>\n            <a class='wpdm-download-link download-on-click btn btn-primary btn-xs' rel='nofollow' href='#' data-downloadurl=\"https:\/\/www.seguridad.gob.sv\/dia\/download\/acta-homologada-homicidios-y-feminicidios-enero-2021\/?wpdmdl=2876&refresh=69e1e4df18dbd1776411871\">Descargar<\/a>\n        <\/div>\n\n    <\/div>\n    <div style=\"clear: both\"><\/div>\n<\/div>\n<div style=\"clear: both\"><\/div>\n\n<!-- WPDM Link Template: Default Template ( Old ) -->\n\n\n<div class=\"wpdm-link-template link-template-default\" >\n\n    <div class=\"media\">\n        <div class=\"mr-3\"><img class=\"wpdm_icon\" alt=\"Icono\" src=\"https:\/\/www.seguridad.gob.sv\/dia\/wp-content\/plugins\/download-manager\/assets\/file-type-icons\/pdf.svg\" onError='this.src=\"https:\/\/www.seguridad.gob.sv\/dia\/wp-content\/plugins\/download-manager\/assets\/file-type-icons\/unknown.svg\";' \/><\/div>\n        <div class=\"media-body\">\n            <div>\n                <strong class=\"package-title\">Acta Anual Homologada Homicidios y Feminicidios 2020<\/strong> | 513.03 KB\n            <\/div>\n            <a class='wpdm-download-link download-on-click btn btn-primary btn-xs' rel='nofollow' href='#' data-downloadurl=\"https:\/\/www.seguridad.gob.sv\/dia\/download\/acta-homicidios-y-feminicidios-2020\/?wpdmdl=2872&refresh=69e1e4df192251776411871\">Descargar<\/a>\n        <\/div>\n\n    <\/div>\n    <div style=\"clear: both\"><\/div>\n<\/div>\n<div style=\"clear: both\"><\/div>\n\n<\/div><\/div><\/div><\/div><\/div>","protected":false},"excerpt":{"rendered":"<p>La Mesa T\u00e9cnica Interinstitucional para la Conciliaci\u00f3n de Cifras de V\u00edctimas de Homicidios y Feminicidios se re\u00fane en la segunda quincena de cada mes para comparar las estad\u00edsticas institucionales del mes inmediato anterior, as\u00ed&#46;&#46;&#46;<\/p>\n","protected":false},"author":1,"featured_media":0,"parent":487,"menu_order":0,"comment_status":"closed","ping_status":"closed","template":"","meta":[],"_links":{"self":[{"href":"https:\/\/www.seguridad.gob.sv\/dia\/wp-json\/wp\/v2\/pages\/636"}],"collection":[{"href":"https:\/\/www.seguridad.gob.sv\/dia\/wp-json\/wp\/v2\/pages"}],"about":[{"href":"https:\/\/www.seguridad.gob.sv\/dia\/wp-json\/wp\/v2\/types\/page"}],"author":[{"embeddable":true,"href":"https:\/\/www.seguridad.gob.sv\/dia\/wp-json\/wp\/v2\/users\/1"}],"replies":[{"embeddable":true,"href":"https:\/\/www.seguridad.gob.sv\/dia\/wp-json\/wp\/v2\/comments?post=636"}],"version-history":[{"count":72,"href":"https:\/\/www.seguridad.gob.sv\/dia\/wp-json\/wp\/v2\/pages\/636\/revisions"}],"predecessor-version":[{"id":2800,"href":"https:\/\/www.seguridad.gob.sv\/dia\/wp-json\/wp\/v2\/pages\/636\/revisions\/2800"}],"up":[{"embeddable":true,"href":"https:\/\/www.seguridad.gob.sv\/dia\/wp-json\/wp\/v2\/pages\/487"}],"wp:attachment":[{"href":"https:\/\/www.seguridad.gob.sv\/dia\/wp-json\/wp\/v2\/media?parent=636"}],"curies":[{"name":"wp","href":"https:\/\/api.w.org\/{rel}","templated":true}]}}